{"id":3211,"date":"2023-12-01T12:43:40","date_gmt":"2023-12-01T12:43:40","guid":{"rendered":"https:\/\/www.fundacioncuidarycurar.org\/webfcyc\/?page_id=3211"},"modified":"2023-12-01T12:44:02","modified_gmt":"2023-12-01T12:44:02","slug":"canal-de-denuncias","status":"publish","type":"page","link":"https:\/\/www.fundacioncuidarycurar.org\/webfcyc\/canal-de-denuncias\/","title":{"rendered":"Canal de denuncias"},"content":{"rendered":"\n\n\t<p><a href=\"https:\/\/www.fundacioncuidarycurar.org\/webfcyc\/canal-de-denuncias-fundacion-cuidar-y-curar\/\">Fundaci\u00f3n Cuidar y Curar<\/a><\/p>\n<p><a href=\"https:\/\/www.fundacioncuidarycurar.org\/webfcyc\/canal-de-denuncias-nuestra-senora-de-las-mercedes\/\" rel=\"noopener\">Fundaci\u00f3n Hospital de San Jos\u00e9 y San Raimundo y Residencia Nuestra Se\u00f1ora de las Mercedes de Linares<\/a><\/p>\n\n","protected":false},"excerpt":{"rendered":"<p>Fundaci\u00f3n Cuidar y Curar Fundaci\u00f3n Hospital de San Jos\u00e9 y San Raimundo y Residencia Nuestra Se\u00f1ora de las Mercedes de Linares<\/p>\n","protected":false},"author":1,"featured_media":0,"parent":0,"menu_order":0,"comment_status":"closed","ping_status":"closed","template":"","meta":{"footnotes":""},"class_list":["post-3211","page","type-page","status-publish","hentry"],"_links":{"self":[{"href":"https:\/\/www.fundacioncuidarycurar.org\/webfcyc\/wp-json\/wp\/v2\/pages\/3211","targetHints":{"allow":["GET"]}}],"collection":[{"href":"https:\/\/www.fundacioncuidarycurar.org\/webfcyc\/wp-json\/wp\/v2\/pages"}],"about":[{"href":"https:\/\/www.fundacioncuidarycurar.org\/webfcyc\/wp-json\/wp\/v2\/types\/page"}],"author":[{"embeddable":true,"href":"https:\/\/www.fundacioncuidarycurar.org\/webfcyc\/wp-json\/wp\/v2\/users\/1"}],"replies":[{"embeddable":true,"href":"https:\/\/www.fundacioncuidarycurar.org\/webfcyc\/wp-json\/wp\/v2\/comments?post=3211"}],"version-history":[{"count":3,"href":"https:\/\/www.fundacioncuidarycurar.org\/webfcyc\/wp-json\/wp\/v2\/pages\/3211\/revisions"}],"predecessor-version":[{"id":3217,"href":"https:\/\/www.fundacioncuidarycurar.org\/webfcyc\/wp-json\/wp\/v2\/pages\/3211\/revisions\/3217"}],"wp:attachment":[{"href":"https:\/\/www.fundacioncuidarycurar.org\/webfcyc\/wp-json\/wp\/v2\/media?parent=3211"}],"curies":[{"name":"wp","href":"https:\/\/api.w.org\/{rel}","templated":true}]}}

<p><a href="https://www.fundacioncuidarycurar.org/webfcyc/canal-de-denuncias-fundacion-cuidar-y-curar/">Fundación Cuidar y Curar</a></p>
<p><a href="https://www.fundacioncuidarycurar.org/webfcyc/canal-de-denuncias-nuestra-senora-de-las-mercedes/" rel="noopener">Fundación Hospital de San José y San Raimundo y Residencia Nuestra Señora de las Mercedes de Linares</a></p>

<p>Fundación Cuidar y Curar Fundación Hospital de San José y San Raimundo y Residencia Nuestra Señora de las Mercedes de Linares</p>
