{"id":3202,"date":"2023-12-01T12:03:15","date_gmt":"2023-12-01T12:03:15","guid":{"rendered":"https:\/\/www.fundacioncuidarycurar.org\/webfcyc\/?page_id=3202"},"modified":"2023-12-01T12:38:09","modified_gmt":"2023-12-01T12:38:09","slug":"canal-de-denuncias-fundacion-cuidar-y-curar","status":"publish","type":"page","link":"https:\/\/www.fundacioncuidarycurar.org\/webfcyc\/canal-de-denuncias-fundacion-cuidar-y-curar\/","title":{"rendered":"Canal de denuncias Fundaci\u00f3n Cuidar y Curar"},"content":{"rendered":"\n\n\t<p>El canal de denuncias de <strong>FUNDACI\u00d3N CUIDAR Y CURAR<\/strong> le permite informar r\u00e1pida y f\u00e1cilmente de cualquier conducta o situaci\u00f3n que viole las leyes o reglamentos aplicables, conforme a la Ley 2\/2023, de 20 de febrero reguladora de la protecci\u00f3n de las personas que informen sobre infracciones normativas y de lucha contra la corrupci\u00f3n<\/p>\n<p>No debe utilizarse para hacer falsas acusaciones contra otros, y en general, no debe comunicarse informaci\u00f3n deliberadamente falsa.<\/p>\n<p>Todas las comunicaciones realizadas a trav\u00e9s de este canal ser\u00e1n confidenciales y podr\u00e1n ser an\u00f3nimas dado que la herramienta inform\u00e1tica de seguridad utilizada garantiza el anonimato.<\/p>\n<p>El remitente ser\u00e1 protegido ante cualquier intento de represalia. Adem\u00e1s, a las comunicaciones se les podr\u00e1 adjuntar la documentaci\u00f3n que se considere oportuna.<\/p>\n<p>El canal garantiza la integridad en la trazabilidad de la gesti\u00f3n de la denuncia y\/o consulta desde su entrada hasta su resoluci\u00f3n.<\/p>\n<p>La persona que hace la comunicaci\u00f3n tiene la plena garant\u00eda del anonimato en el entorno digital si opta por hacer la comunicaci\u00f3n de manera an\u00f3nima.<\/p>\n<p>Para enviar una denuncia, haga clic en \u00abRealizar una denuncia\u00bb m\u00e1s abajo.<\/p>\n<p><strong>Nota:<\/strong> Este canal de denuncia es un sistema de denuncia protegido, alojado en servidores externos seguros que no forman parte de las webs o intranets de <strong>FUNDACI\u00d3N CUIDAR Y CURAR<\/strong><\/p>\n<p><a href=\"http:\/\/cuidarycurar.whistle.qmpliance.io\" target=\"_blank\" rel=\"noopener\">Realizar una denuncia<\/a><\/p>\n\n","protected":false},"excerpt":{"rendered":"<p>El canal de denuncias de FUNDACI\u00d3N CUIDAR Y CURAR le permite informar r\u00e1pida y f\u00e1cilmente de cualquier conducta o situaci\u00f3n que viole [&hellip;]<\/p>\n","protected":false},"author":1,"featured_media":0,"parent":0,"menu_order":0,"comment_status":"closed","ping_status":"closed","template":"","meta":{"footnotes":""},"class_list":["post-3202","page","type-page","status-publish","hentry"],"_links":{"self":[{"href":"https:\/\/www.fundacioncuidarycurar.org\/webfcyc\/wp-json\/wp\/v2\/pages\/3202","targetHints":{"allow":["GET"]}}],"collection":[{"href":"https:\/\/www.fundacioncuidarycurar.org\/webfcyc\/wp-json\/wp\/v2\/pages"}],"about":[{"href":"https:\/\/www.fundacioncuidarycurar.org\/webfcyc\/wp-json\/wp\/v2\/types\/page"}],"author":[{"embeddable":true,"href":"https:\/\/www.fundacioncuidarycurar.org\/webfcyc\/wp-json\/wp\/v2\/users\/1"}],"replies":[{"embeddable":true,"href":"https:\/\/www.fundacioncuidarycurar.org\/webfcyc\/wp-json\/wp\/v2\/comments?post=3202"}],"version-history":[{"count":4,"href":"https:\/\/www.fundacioncuidarycurar.org\/webfcyc\/wp-json\/wp\/v2\/pages\/3202\/revisions"}],"predecessor-version":[{"id":3210,"href":"https:\/\/www.fundacioncuidarycurar.org\/webfcyc\/wp-json\/wp\/v2\/pages\/3202\/revisions\/3210"}],"wp:attachment":[{"href":"https:\/\/www.fundacioncuidarycurar.org\/webfcyc\/wp-json\/wp\/v2\/media?parent=3202"}],"curies":[{"name":"wp","href":"https:\/\/api.w.org\/{rel}","templated":true}]}}