{"id":3133,"date":"2023-06-14T15:19:30","date_gmt":"2023-06-14T15:19:30","guid":{"rendered":"https:\/\/www.fundacioncuidarycurar.org\/webfcyc\/?page_id=3133"},"modified":"2023-06-14T15:19:30","modified_gmt":"2023-06-14T15:19:30","slug":"politica-de-privacidad-voluntariado","status":"publish","type":"page","link":"https:\/\/www.fundacioncuidarycurar.org\/webfcyc\/politica-de-privacidad-voluntariado\/","title":{"rendered":"Pol\u00edtica de privacidad voluntariado"},"content":{"rendered":"\n\n\t<p><strong>Informaci\u00f3n adicional sobre Protecci\u00f3n de Datos<\/strong><\/p>\n<p><strong>1. RESPONSABLE<\/strong><\/p>\n<p><strong>\u00bfQui\u00e9n es el Responsable del tratamiento de tus datos?<\/strong><\/p>\n<p>Identidad:\u00a0<strong>FUNDACI\u00d3N CURAR Y CUIDAR<\/strong><\/p>\n<p>Dir. postal:\u00a0Avenida de Espa\u00f1a, n\u00famero 12. 41701 Dos Hermanas (SEVILLA)<\/p>\n<p>Email: rgdp@fundacioncuidarycurar.es<\/p>\n<p><strong>2. FINALIDADES<\/strong><\/p>\n<p><strong>\u00bfCon qu\u00e9 finalidad tratamos tus datos personales?<\/strong><\/p>\n<p>En cumplimiento de lo dispuesto en el Reglamento Europeo 2016\/679 General de Protecci\u00f3n de Datos, te informamos que trataremos los datos que nos facilitas al registrarte para:<\/p>\n<p>&#8211; Llevar a cabo la gesti\u00f3n de selecci\u00f3n de futuros voluntarios\/as de\u00a0<strong>FUNDACI\u00d3N CURAR Y CUIDAR <\/strong>para participar en cualquiera de los distintos programas con los que cuenta<strong> FUNDACI\u00d3N CURAR Y CUIDAR<\/strong>, est\u00e9n publicados en medio o s\u00f3lo a nivel interno<\/p>\n<p>&#8211; Cesi\u00f3n de datos a organismos y autoridades p\u00fablicas, siempre y cuando sean requeridos de conformidad con las disposiciones legales y reglamentarias.<\/p>\n<p><strong>3. PLAZO DE CONSERVACI\u00d3N DE LOS DATOS<\/strong><\/p>\n<p><strong>\u00bfPor cu\u00e1nto tiempo conservaremos tus datos?<\/strong><\/p>\n<p>Tus datos ser\u00e1n conservados durante el plazo de 7<strong>\u00a0a\u00f1os<\/strong>\u00a0desde el momento en que presente solicitud de incorporaci\u00f3n al Voluntariado<strong><em>\u00a0<\/em><\/strong><\/p>\n<p><strong>4. LEGITIMACI\u00d3N<\/strong><\/p>\n<p><strong>\u00bfCu\u00e1l es la legitimaci\u00f3n para el tratamiento de tus datos?<\/strong><\/p>\n<p>La base legal para el tratamiento de tus datos radica en:<\/p>\n<p>&#8211; El consentimiento del interesado en relaci\u00f3n con la finalidad indicada en el apartado 1) anterior.<\/p>\n<p>&#8211;\u00a0 El cumplimiento de obligaciones legales aplicables a\u00a0<strong>FUNDACI\u00d3N CURAR Y CUIDAR<\/strong> en relaci\u00f3n con la finalidad indicada en el apartado 2) anterior.<\/p>\n<p><strong>5. DESTINATARIOS<\/strong><\/p>\n<p><strong>\u00bfA qu\u00e9 destinatarios se comunicar\u00e1n tus datos?<\/strong><\/p>\n<p>Tus datos podr\u00e1n ser accedidos por aquellos proveedores que prestan servicios a\u00a0<strong>FUNDACI\u00d3N CURAR Y CUIDAR<\/strong>, tales como servicios de alojamiento de contenido.\u00a0<strong>FUNDACI\u00d3N CURAR Y CUIDAR<\/strong>\u00a0<strong>.<\/strong>\u00a0ha suscrito los correspondientes contratos de encargo de tratamiento con cada uno de los proveedores que prestan servicios a\u00a0<strong>FUNDACI\u00d3N CURAR Y CUIDAR<\/strong>\u00a0con el objetivo de garantizar que dichos proveedores tratar\u00e1n tus datos de conformidad con lo establecido en la legislaci\u00f3n vigente.<\/p>\n<p>Tambi\u00e9n podr\u00e1n ser cedidos en los casos que exista una obligaci\u00f3n legal.<\/p>\n<p><strong>6. DERECHOS<\/strong><\/p>\n<p><strong>\u00bfCu\u00e1les son tus derechos cuando nos facilitas tus datos y c\u00f3mo puedes ejercerlos?<\/strong><\/p>\n<p>Tienes derecho a obtener confirmaci\u00f3n sobre si en\u00a0<strong>FUNDACI\u00d3N CURAR Y CUIDAR<\/strong>\u00a0\u00a0estamos tratando datos personales que te conciernan, o no.<\/p>\n<p>Asimismo, tienes derecho a acceder a tus datos personales, as\u00ed como a solicitar la rectificaci\u00f3n de los datos inexactos o, en su caso, solicitar su supresi\u00f3n cuando, entre otros motivos, los datos ya no sean necesarios para los fines que fueron recogidos.<\/p>\n<p>En determinadas circunstancias, podr\u00e1s solicitar la limitaci\u00f3n del tratamiento de tus datos, en cuyo caso \u00fanicamente los conservaremos para el ejercicio o la defensa de reclamaciones.<\/p>\n<p>En determinadas circunstancias y por motivos relacionados con tu situaci\u00f3n particular, podr\u00e1s oponerte al tratamiento de tus datos.\u00a0<strong>FUNDACI\u00d3N CURAR Y CUIDAR<\/strong>\u00a0 dejar\u00e1 de tratar los datos, salvo por motivos leg\u00edtimos imperiosos, o el ejercicio o la defensa de posibles reclamaciones.<\/p>\n<p>Asimismo, puedes ejercer el derecho a la portabilidad de los datos, as\u00ed como retirar los consentimientos facilitados en cualquier momento, sin que ello afecte a la licitud del tratamiento basado en el consentimiento previo a su retirada.<\/p>\n<p>Si deseas hacer uso de cualquiera de tus derechos puedes dirigirte a: <strong>FUNDACI\u00d3N CURAR Y CUIDAR. <\/strong>Dir. postal:\u00a0Avenida de Espa\u00f1a, n\u00famero 12. 41701 Dos Hermanas (SEVILLA); Email: rgdp@fundacioncuidarycurar.es<\/p>\n<p>Por \u00faltimo, te informamos que puedes dirigirte ante la Agencia Espa\u00f1ola de Protecci\u00f3n de Datos y dem\u00e1s organismos p\u00fablicos competentes para cualquier reclamaci\u00f3n derivada del tratamiento de tus datos personales.<\/p>\n<p><strong>7. POL\u00cdTICA DE COOKIES<\/strong><\/p>\n<p><strong>\u00bfQu\u00e9 cookies utilizamos?<\/strong><\/p>\n<p>No aplica<\/p>\n\n","protected":false},"excerpt":{"rendered":"<p>Informaci\u00f3n adicional sobre Protecci\u00f3n de Datos 1. RESPONSABLE \u00bfQui\u00e9n es el Responsable del tratamiento de tus datos? Identidad:\u00a0FUNDACI\u00d3N CURAR Y CUIDAR Dir. [&hellip;]<\/p>\n","protected":false},"author":1,"featured_media":0,"parent":0,"menu_order":0,"comment_status":"closed","ping_status":"closed","template":"","meta":{"footnotes":""},"class_list":["post-3133","page","type-page","status-publish","hentry"],"_links":{"self":[{"href":"https:\/\/www.fundacioncuidarycurar.org\/webfcyc\/wp-json\/wp\/v2\/pages\/3133","targetHints":{"allow":["GET"]}}],"collection":[{"href":"https:\/\/www.fundacioncuidarycurar.org\/webfcyc\/wp-json\/wp\/v2\/pages"}],"about":[{"href":"https:\/\/www.fundacioncuidarycurar.org\/webfcyc\/wp-json\/wp\/v2\/types\/page"}],"author":[{"embeddable":true,"href":"https:\/\/www.fundacioncuidarycurar.org\/webfcyc\/wp-json\/wp\/v2\/users\/1"}],"replies":[{"embeddable":true,"href":"https:\/\/www.fundacioncuidarycurar.org\/webfcyc\/wp-json\/wp\/v2\/comments?post=3133"}],"version-history":[{"count":2,"href":"https:\/\/www.fundacioncuidarycurar.org\/webfcyc\/wp-json\/wp\/v2\/pages\/3133\/revisions"}],"predecessor-version":[{"id":3135,"href":"https:\/\/www.fundacioncuidarycurar.org\/webfcyc\/wp-json\/wp\/v2\/pages\/3133\/revisions\/3135"}],"wp:attachment":[{"href":"https:\/\/www.fundacioncuidarycurar.org\/webfcyc\/wp-json\/wp\/v2\/media?parent=3133"}],"curies":[{"name":"wp","href":"https:\/\/api.w.org\/{rel}","templated":true}]}}

Política de privacidad voluntariado

<p><strong>Información adicional sobre Protección de Datos</strong></p>
<p><strong>1. RESPONSABLE</strong></p>
<p><strong>¿Quién es el Responsable del tratamiento de tus datos?</strong></p>
<p>Identidad: <strong>FUNDACIÓN CURAR Y CUIDAR</strong></p>
<p>Dir. postal: Avenida de España, número 12. 41701 Dos Hermanas (SEVILLA)</p>
<p>Email: rgdp@fundacioncuidarycurar.es</p>
<p><strong>2. FINALIDADES</strong></p>
<p><strong>¿Con qué finalidad tratamos tus datos personales?</strong></p>
<p>En cumplimiento de lo dispuesto en el Reglamento Europeo 2016/679 General de Protección de Datos, te informamos que trataremos los datos que nos facilitas al registrarte para:</p>
<p>&#8211; Llevar a cabo la gestión de selección de futuros voluntarios/as de <strong>FUNDACIÓN CURAR Y CUIDAR </strong>para participar en cualquiera de los distintos programas con los que cuenta<strong> FUNDACIÓN CURAR Y CUIDAR</strong>, estén publicados en medio o sólo a nivel interno</p>
<p>&#8211; Cesión de datos a organismos y autoridades públicas, siempre y cuando sean requeridos de conformidad con las disposiciones legales y reglamentarias.</p>
<p><strong>3. PLAZO DE CONSERVACIÓN DE LOS DATOS</strong></p>
<p><strong>¿Por cuánto tiempo conservaremos tus datos?</strong></p>
<p>Tus datos serán conservados durante el plazo de 7<strong> años</strong> desde el momento en que presente solicitud de incorporación al Voluntariado<strong><em> </em></strong></p>
<p><strong>4. LEGITIMACIÓN</strong></p>
<p><strong>¿Cuál es la legitimación para el tratamiento de tus datos?</strong></p>
<p>La base legal para el tratamiento de tus datos radica en:</p>
<p>&#8211; El consentimiento del interesado en relación con la finalidad indicada en el apartado 1) anterior.</p>
<p>&#8211;  El cumplimiento de obligaciones legales aplicables a <strong>FUNDACIÓN CURAR Y CUIDAR</strong> en relación con la finalidad indicada en el apartado 2) anterior.</p>
<p><strong>5. DESTINATARIOS</strong></p>
<p><strong>¿A qué destinatarios se comunicarán tus datos?</strong></p>
<p>Tus datos podrán ser accedidos por aquellos proveedores que prestan servicios a <strong>FUNDACIÓN CURAR Y CUIDAR</strong>, tales como servicios de alojamiento de contenido. <strong>FUNDACIÓN CURAR Y CUIDAR</strong> <strong>.</strong> ha suscrito los correspondientes contratos de encargo de tratamiento con cada uno de los proveedores que prestan servicios a <strong>FUNDACIÓN CURAR Y CUIDAR</strong> con el objetivo de garantizar que dichos proveedores tratarán tus datos de conformidad con lo establecido en la legislación vigente.</p>
<p>También podrán ser cedidos en los casos que exista una obligación legal.</p>
<p><strong>6. DERECHOS</strong></p>
<p><strong>¿Cuáles son tus derechos cuando nos facilitas tus datos y cómo puedes ejercerlos?</strong></p>
<p>Tienes derecho a obtener confirmación sobre si en <strong>FUNDACIÓN CURAR Y CUIDAR</strong>  estamos tratando datos personales que te conciernan, o no.</p>
<p>Asimismo, tienes derecho a acceder a tus datos personales, así como a solicitar la rectificación de los datos inexactos o, en su caso, solicitar su supresión cuando, entre otros motivos, los datos ya no sean necesarios para los fines que fueron recogidos.</p>
<p>En determinadas circunstancias, podrás solicitar la limitación del tratamiento de tus datos, en cuyo caso únicamente los conservaremos para el ejercicio o la defensa de reclamaciones.</p>
<p>En determinadas circunstancias y por motivos relacionados con tu situación particular, podrás oponerte al tratamiento de tus datos. <strong>FUNDACIÓN CURAR Y CUIDAR</strong>  dejará de tratar los datos, salvo por motivos legítimos imperiosos, o el ejercicio o la defensa de posibles reclamaciones.</p>
<p>Asimismo, puedes ejercer el derecho a la portabilidad de los datos, así como retirar los consentimientos facilitados en cualquier momento, sin que ello afecte a la licitud del tratamiento basado en el consentimiento previo a su retirada.</p>
<p>Si deseas hacer uso de cualquiera de tus derechos puedes dirigirte a: <strong>FUNDACIÓN CURAR Y CUIDAR. </strong>Dir. postal: Avenida de España, número 12. 41701 Dos Hermanas (SEVILLA); Email: rgdp@fundacioncuidarycurar.es</p>
<p>Por último, te informamos que puedes dirigirte ante la Agencia Española de Protección de Datos y demás organismos públicos competentes para cualquier reclamación derivada del tratamiento de tus datos personales.</p>
<p><strong>7. POLÍTICA DE COOKIES</strong></p>
<p><strong>¿Qué cookies utilizamos?</strong></p>
<p>No aplica</p>

<p>Información adicional sobre Protección de Datos 1. RESPONSABLE ¿Quién es el Responsable del tratamiento de tus datos? Identidad: FUNDACIÓN CURAR Y CUIDAR Dir. [&hellip;]</p>
