{"id":3094,"date":"2023-06-06T09:16:50","date_gmt":"2023-06-06T09:16:50","guid":{"rendered":"https:\/\/www.fundacioncuidarycurar.org\/webfcyc\/?page_id=3094"},"modified":"2023-06-06T09:20:09","modified_gmt":"2023-06-06T09:20:09","slug":"aviso-legal","status":"publish","type":"page","link":"https:\/\/www.fundacioncuidarycurar.org\/webfcyc\/aviso-legal\/","title":{"rendered":"Aviso Legal"},"content":{"rendered":"\n\n\t<p>El presente Aviso Legal regula el uso de la p\u00e1gina web <a href=\"http:\/\/www.fundacioncuidarycurar.org\">www.fundacioncuidarycurar.org<\/a> (en adelante, la P\u00e1gina) titularidad de FUNDACI\u00d3N CUIDAR Y CURAR, NIF: G 90079666, Direcci\u00f3n: Avd. de Espa\u00f1a 12, 41710, Dos Hermanas (Sevilla), Tel\u00e9fono: 955 664224, Email: rgpd@fundacioncuidarycurar.org<\/p>\n<p>Inscrita en el Registro de Fundaciones con el n\u00famero: 1239 SND<\/p>\n<p>Para la utilizaci\u00f3n de la P\u00e1gina se requiere la aceptaci\u00f3n expresa del usuario de todas y cada una de las cl\u00e1usulas que se indican en el presente Aviso Legal, as\u00ed como cada una de las advertencias o cl\u00e1usulas espec\u00edficas que se establezcan para la contrataci\u00f3n de determinados servicios, productos o uso de zonas de la P\u00e1gina.<\/p>\n<p>En caso de no aceptar las cl\u00e1usulas establecidas en el presente Aviso Legal, el usuario deber\u00e1 abstenerse de acceder y\/o utilizar los servicios y\/o contenidos puestos a su disposici\u00f3n en la P\u00e1gina, procediendo a abandonar la misma.<\/p>\n<p><strong>USO DE LA P\u00c1GINA<\/strong><\/p>\n<p>El usuario se obliga a no utilizar la P\u00e1gina para la realizaci\u00f3n de actividades contrarias a las leyes, a la moral, al orden p\u00fablico y, en general, a hacer un uso conforme a las condiciones establecidas en el presente Aviso Legal. Asimismo, se obliga a no realizar actividades publicitarias o de explotaci\u00f3n comercial remitiendo mensajes que utilicen una identidad falsa.<\/p>\n<p>FUNDACI\u00d3N CUIDAR Y CURAR act\u00faa exclusivamente como responsable de la P\u00e1gina en su condici\u00f3n de prestador de un servicio de informaci\u00f3n sobre sus propios servicios, no haci\u00e9ndose responsable de los contenidos que, en contravenci\u00f3n a las presentes condiciones generales, los usuarios pudieran enviar o publicar, siendo el usuario el \u00fanico responsable de la veracidad y licitud de los mismos.<\/p>\n<p>FUNDACI\u00d3N CUIDAR Y CURAR podr\u00e1 interrumpir el servicio de la P\u00e1gina que est\u00e9 siendo utilizado por el usuario y resolver de modo inmediato la relaci\u00f3n con el usuario si detecta un uso de la P\u00e1gina o de cualquiera de los servicios que en el mismo se ofertan que pueda considerar contrario a lo expresado en el presente Aviso Legal<\/p>\n<p><strong>PROPIEDAD INTELECTUAL E INDUSTRIAL<\/strong><\/p>\n<p>La totalidad de esta P\u00e1gina: texto, im\u00e1genes, marcas, gr\u00e1ficos, logotipos, botones, archivos de software, combinaciones de colores, as\u00ed como la estructura, selecci\u00f3n, ordenaci\u00f3n y presentaci\u00f3n de sus contenidos, se encuentra protegida por las leyes sobre Propiedad Intelectual e Industrial, quedando prohibida su reproducci\u00f3n, distribuci\u00f3n, comunicaci\u00f3n p\u00fablica y transformaci\u00f3n, salvo para uso personal y privado.<\/p>\n<p>FUNDACI\u00d3N CUIDAR Y CURAR no garantiza que los contenidos sean precisos o libres de error o que el libre uso de los mismos por el usuario no infrinja los derechos de terceras partes. El buen o mal uso de esta p\u00e1gina y de sus contenidos est\u00e1 bajo la responsabilidad del usuario.<\/p>\n<p>Asimismo, queda prohibida la reproducci\u00f3n, retransmisi\u00f3n, copia, cesi\u00f3n o redifusi\u00f3n, total o parcial, de la informaci\u00f3n contenida en la P\u00e1gina, cualquiera que fuera su finalidad y el medio utilizado para ello, sin autorizaci\u00f3n previa de FUNDACI\u00d3N CUIDAR Y CURAR.<\/p>\n<p><strong>ENLACES O LINKS<\/strong><\/p>\n<p>La P\u00e1gina puede incluir enlaces o links a sitios de terceros. Las p\u00e1ginas pertenecientes a terceros no han sido revisadas ni son objeto de controles por parte de FUNDACI\u00d3N CUIDAR Y CURAR. En cualquier caso, no podr\u00e1 ser considerada responsable de los contenidos de estos sitios web ni de las medidas que se adopten relativas a su privacidad o al tratamiento de sus datos de car\u00e1cter personal.<\/p>\n<p>FUNDACI\u00d3N CUIDAR Y CURAR recomienda la lectura detenida de las condiciones de uso y la pol\u00edtica de privacidad de estos sitios.<\/p>\n<p>En caso de estar interesado en activar un enlace a alguna de las p\u00e1ginas de FUNDACI\u00d3N CUIDAR Y CURAR deber\u00e1 comunicarlo, obteniendo el consentimiento expreso para crear el enlace. FUNDACI\u00d3N CUIDAR Y CURAR se reserva el derecho de oposici\u00f3n a la activaci\u00f3n de enlaces con su sitio web.<\/p>\n<p><strong>MENORES DE EDAD<\/strong><\/p>\n<p>FUNDACI\u00d3N CUIDAR Y CURAR recuerda a los usuarios mayores de edad, que tengan a su cargo menores, que ser\u00e1 de su exclusiva responsabilidad determinar qu\u00e9 servicios y\/o contenidos son no apropiados para la edad de estos \u00faltimos.<\/p>\n<p>FUNDACI\u00d3N CUIDAR Y CURAR les informa que existen programas inform\u00e1ticos que permiten filtrar y bloquear el acceso a determinados contenidos y servicios, de tal forma que los padres o tutores, por ejemplo, pueden decidir cu\u00e1les son los contenidos y servicios de Internet a los que los menores pueden tener acceso y cu\u00e1les no.<\/p>\n<p><strong>RESPONSABILIDADES<\/strong><\/p>\n<p>FUNDACI\u00d3N CUIDAR Y CURAR no ser\u00e1 responsable directa ni subsidiariamente de:<\/p>\n<ul>\n<li>La calidad del servicio, la velocidad de acceso, el correcto funcionamiento ni la disponibilidad ni continuidad de funcionamiento de la P\u00e1gina.<\/li>\n<li>Los da\u00f1os que puedan causarse en los equipos del usuario por la utilizaci\u00f3n de la P\u00e1gina.<\/li>\n<li>Los casos en que un tercero, quebrantando las medidas de seguridad establecidas, acceda a los mensajes o los utilice para la remisi\u00f3n de virus inform\u00e1ticos.<\/li>\n<li>Los vicios y defectos de toda clase de los contenidos transmitidos, difundidos, almacenados o puestos a disposici\u00f3n.<\/li>\n<li>La licitud, fiabilidad y utilidad de los contenidos que los usuarios transmitan con la utilizaci\u00f3n de la p\u00e1gina o de los servicios en \u00e9l ofertados, as\u00ed como tampoco su veracidad o exactitud. FUNDACI\u00d3N CUIDAR Y CURAR no controla la utilizaci\u00f3n que los usuarios hacen de la P\u00e1gina, ni garantiza que lo hagan conforme a lo establecido en el presente Aviso Legal.<\/li>\n<\/ul>\n<p>A t\u00edtulo enunciativo y con car\u00e1cter no limitativo, el usuario ser\u00e1 responsable de:<\/p>\n<ul>\n<li>De los contenidos introducidos por ellos, especialmente de los datos e informaciones introducidos y enviados a FUNDACI\u00d3N CUIDAR Y CURAR por medio de la P\u00e1gina o en la P\u00e1gina.<\/li>\n<li>De la realizaci\u00f3n de cualquier tipo de actuaci\u00f3n il\u00edcita, lesiva de derechos, nociva y\/o perjudicial.<\/li>\n<li>De la facilitaci\u00f3n de datos no veraces o incorrectos.<\/li>\n<\/ul>\n<p><strong>FUERO<\/strong><\/p>\n<p>El presente Aviso Legal se encuentra redactado en castellano y sometido a la legislaci\u00f3n espa\u00f1ola vigente. Para cualquier tipo de controversia derivada de la utilizaci\u00f3n de los servicios ofrecidos o de los contenidos propios de la P\u00e1gina las partes, con la aceptaci\u00f3n del clausulado establecido en el presente Aviso Legal se someter\u00e1n a los Tribunales y Juzgados competentes de Dos Hermanas (Sevilla).<\/p>\n<p>\u00daltima actualizaci\u00f3n: 31 de mayo de 2023.<\/p>\n\n","protected":false},"excerpt":{"rendered":"<p>El presente Aviso Legal regula el uso de la p\u00e1gina web www.fundacioncuidarycurar.org (en adelante, la P\u00e1gina) titularidad de FUNDACI\u00d3N CUIDAR Y CURAR, [&hellip;]<\/p>\n","protected":false},"author":1,"featured_media":0,"parent":0,"menu_order":0,"comment_status":"closed","ping_status":"closed","template":"","meta":{"footnotes":""},"class_list":["post-3094","page","type-page","status-publish","hentry"],"_links":{"self":[{"href":"https:\/\/www.fundacioncuidarycurar.org\/webfcyc\/wp-json\/wp\/v2\/pages\/3094","targetHints":{"allow":["GET"]}}],"collection":[{"href":"https:\/\/www.fundacioncuidarycurar.org\/webfcyc\/wp-json\/wp\/v2\/pages"}],"about":[{"href":"https:\/\/www.fundacioncuidarycurar.org\/webfcyc\/wp-json\/wp\/v2\/types\/page"}],"author":[{"embeddable":true,"href":"https:\/\/www.fundacioncuidarycurar.org\/webfcyc\/wp-json\/wp\/v2\/users\/1"}],"replies":[{"embeddable":true,"href":"https:\/\/www.fundacioncuidarycurar.org\/webfcyc\/wp-json\/wp\/v2\/comments?post=3094"}],"version-history":[{"count":3,"href":"https:\/\/www.fundacioncuidarycurar.org\/webfcyc\/wp-json\/wp\/v2\/pages\/3094\/revisions"}],"predecessor-version":[{"id":3098,"href":"https:\/\/www.fundacioncuidarycurar.org\/webfcyc\/wp-json\/wp\/v2\/pages\/3094\/revisions\/3098"}],"wp:attachment":[{"href":"https:\/\/www.fundacioncuidarycurar.org\/webfcyc\/wp-json\/wp\/v2\/media?parent=3094"}],"curies":[{"name":"wp","href":"https:\/\/api.w.org\/{rel}","templated":true}]}}

<p>El presente Aviso Legal regula el uso de la página web <a href="http://www.fundacioncuidarycurar.org">www.fundacioncuidarycurar.org</a> (en adelante, la Página) titularidad de FUNDACIÓN CUIDAR Y CURAR, NIF: G 90079666, Dirección: Avd. de España 12, 41710, Dos Hermanas (Sevilla), Teléfono: 955 664224, Email: rgpd@fundacioncuidarycurar.org</p>
<p>Inscrita en el Registro de Fundaciones con el número: 1239 SND</p>
<p>Para la utilización de la Página se requiere la aceptación expresa del usuario de todas y cada una de las cláusulas que se indican en el presente Aviso Legal, así como cada una de las advertencias o cláusulas específicas que se establezcan para la contratación de determinados servicios, productos o uso de zonas de la Página.</p>
<p>En caso de no aceptar las cláusulas establecidas en el presente Aviso Legal, el usuario deberá abstenerse de acceder y/o utilizar los servicios y/o contenidos puestos a su disposición en la Página, procediendo a abandonar la misma.</p>
<p><strong>USO DE LA PÁGINA</strong></p>
<p>El usuario se obliga a no utilizar la Página para la realización de actividades contrarias a las leyes, a la moral, al orden público y, en general, a hacer un uso conforme a las condiciones establecidas en el presente Aviso Legal. Asimismo, se obliga a no realizar actividades publicitarias o de explotación comercial remitiendo mensajes que utilicen una identidad falsa.</p>
<p>FUNDACIÓN CUIDAR Y CURAR actúa exclusivamente como responsable de la Página en su condición de prestador de un servicio de información sobre sus propios servicios, no haciéndose responsable de los contenidos que, en contravención a las presentes condiciones generales, los usuarios pudieran enviar o publicar, siendo el usuario el único responsable de la veracidad y licitud de los mismos.</p>
<p>FUNDACIÓN CUIDAR Y CURAR podrá interrumpir el servicio de la Página que esté siendo utilizado por el usuario y resolver de modo inmediato la relación con el usuario si detecta un uso de la Página o de cualquiera de los servicios que en el mismo se ofertan que pueda considerar contrario a lo expresado en el presente Aviso Legal</p>
<p><strong>PROPIEDAD INTELECTUAL E INDUSTRIAL</strong></p>
<p>La totalidad de esta Página: texto, imágenes, marcas, gráficos, logotipos, botones, archivos de software, combinaciones de colores, así como la estructura, selección, ordenación y presentación de sus contenidos, se encuentra protegida por las leyes sobre Propiedad Intelectual e Industrial, quedando prohibida su reproducción, distribución, comunicación pública y transformación, salvo para uso personal y privado.</p>
<p>FUNDACIÓN CUIDAR Y CURAR no garantiza que los contenidos sean precisos o libres de error o que el libre uso de los mismos por el usuario no infrinja los derechos de terceras partes. El buen o mal uso de esta página y de sus contenidos está bajo la responsabilidad del usuario.</p>
<p>Asimismo, queda prohibida la reproducción, retransmisión, copia, cesión o redifusión, total o parcial, de la información contenida en la Página, cualquiera que fuera su finalidad y el medio utilizado para ello, sin autorización previa de FUNDACIÓN CUIDAR Y CURAR.</p>
<p><strong>ENLACES O LINKS</strong></p>
<p>La Página puede incluir enlaces o links a sitios de terceros. Las páginas pertenecientes a terceros no han sido revisadas ni son objeto de controles por parte de FUNDACIÓN CUIDAR Y CURAR. En cualquier caso, no podrá ser considerada responsable de los contenidos de estos sitios web ni de las medidas que se adopten relativas a su privacidad o al tratamiento de sus datos de carácter personal.</p>
<p>FUNDACIÓN CUIDAR Y CURAR recomienda la lectura detenida de las condiciones de uso y la política de privacidad de estos sitios.</p>
<p>En caso de estar interesado en activar un enlace a alguna de las páginas de FUNDACIÓN CUIDAR Y CURAR deberá comunicarlo, obteniendo el consentimiento expreso para crear el enlace. FUNDACIÓN CUIDAR Y CURAR se reserva el derecho de oposición a la activación de enlaces con su sitio web.</p>
<p><strong>MENORES DE EDAD</strong></p>
<p>FUNDACIÓN CUIDAR Y CURAR recuerda a los usuarios mayores de edad, que tengan a su cargo menores, que será de su exclusiva responsabilidad determinar qué servicios y/o contenidos son no apropiados para la edad de estos últimos.</p>
<p>FUNDACIÓN CUIDAR Y CURAR les informa que existen programas informáticos que permiten filtrar y bloquear el acceso a determinados contenidos y servicios, de tal forma que los padres o tutores, por ejemplo, pueden decidir cuáles son los contenidos y servicios de Internet a los que los menores pueden tener acceso y cuáles no.</p>
<p><strong>RESPONSABILIDADES</strong></p>
<p>FUNDACIÓN CUIDAR Y CURAR no será responsable directa ni subsidiariamente de:</p>
<ul>
<li>La calidad del servicio, la velocidad de acceso, el correcto funcionamiento ni la disponibilidad ni continuidad de funcionamiento de la Página.</li>
<li>Los daños que puedan causarse en los equipos del usuario por la utilización de la Página.</li>
<li>Los casos en que un tercero, quebrantando las medidas de seguridad establecidas, acceda a los mensajes o los utilice para la remisión de virus informáticos.</li>
<li>Los vicios y defectos de toda clase de los contenidos transmitidos, difundidos, almacenados o puestos a disposición.</li>
<li>La licitud, fiabilidad y utilidad de los contenidos que los usuarios transmitan con la utilización de la página o de los servicios en él ofertados, así como tampoco su veracidad o exactitud. FUNDACIÓN CUIDAR Y CURAR no controla la utilización que los usuarios hacen de la Página, ni garantiza que lo hagan conforme a lo establecido en el presente Aviso Legal.</li>
</ul>
<p>A título enunciativo y con carácter no limitativo, el usuario será responsable de:</p>
<ul>
<li>De los contenidos introducidos por ellos, especialmente de los datos e informaciones introducidos y enviados a FUNDACIÓN CUIDAR Y CURAR por medio de la Página o en la Página.</li>
<li>De la realización de cualquier tipo de actuación ilícita, lesiva de derechos, nociva y/o perjudicial.</li>
<li>De la facilitación de datos no veraces o incorrectos.</li>
</ul>
<p><strong>FUERO</strong></p>
<p>El presente Aviso Legal se encuentra redactado en castellano y sometido a la legislación española vigente. Para cualquier tipo de controversia derivada de la utilización de los servicios ofrecidos o de los contenidos propios de la Página las partes, con la aceptación del clausulado establecido en el presente Aviso Legal se someterán a los Tribunales y Juzgados competentes de Dos Hermanas (Sevilla).</p>
<p>Última actualización: 31 de mayo de 2023.</p>

<p>El presente Aviso Legal regula el uso de la página web www.fundacioncuidarycurar.org (en adelante, la Página) titularidad de FUNDACIÓN CUIDAR Y CURAR, [&hellip;]</p>
