{"id":2768,"date":"2022-05-09T09:04:15","date_gmt":"2022-05-09T09:04:15","guid":{"rendered":"http:\/\/www.fundacioncuidarycurar.org\/webfcyc\/?page_id=2768"},"modified":"2022-06-23T07:41:30","modified_gmt":"2022-06-23T07:41:30","slug":"2768-2","status":"publish","type":"page","link":"https:\/\/www.fundacioncuidarycurar.org\/webfcyc\/2768-2\/","title":{"rendered":"<Pol\u00edtica de calidad y Gesti\u00f3n ambiental!>"},"content":{"rendered":"\n<h3>\n\t\tPol\u00edtica de Calidad y Gesti\u00f3n Ambiental\n\t<\/h3>\n\t<p>En <strong><em>Fundaci\u00f3n Cuidar y Curar<\/em>,<\/strong> entendemos la Calidad como el instrumento de gesti\u00f3n mediante el cual se planifican y desarrollan todas las actividades que se ofrecen a nuestros mayores y personas dependientes en las residencias, centros de atenci\u00f3n y centros de d\u00eda.<\/p>\n<p>Nuestra premisa es ofrecer una atenci\u00f3n personalizada tanto a residentes, usuarios y familiares de \u00e9stos, de manera que se consiga el <strong>cumplimiento de los requisitos legales establecidos<\/strong> y otros requisitos que la organizaci\u00f3n suscriba, as\u00ed como las especificaciones de nuestros servicios, a la vez que obtenemos la <strong>satisfacci\u00f3n de nuestros clientes<\/strong>, minimizando la producci\u00f3n de residuos y evitando el consumo irracional de recursos.<\/p>\n<p>Para conseguir estos principios, entendemos fundamental la implantaci\u00f3n y desarrollo de un Sistema de Calidad y Gesti\u00f3n Ambiental que permita desarrollar nuestras actividades, adapt\u00e1ndolas a la normativa en vigor de nuestro sector, a la normativa ambiental y a las necesidades y expectativas de nuestros clientes y partes interesadas.<\/p>\n<p>El Sistema de Calidad y Gesti\u00f3n Ambiental implantado est\u00e1 basado y fomenta la aplicaci\u00f3n sistem\u00e1tica de la <strong>mejora continua<\/strong> sobre todas las actividades realizadas, entendi\u00e9ndose dicha mejora continua como la necesidad de <u>planificar<\/u> a fondo las actividades a desarrollar, <u>hacerlas<\/u> conforme a lo que se ha decidido, <u>verificar<\/u> los resultados compar\u00e1ndolos con lo planificado y <u>corregir<\/u> cuando sea necesario, iniciando de nuevo el ciclo de la mejora continua.<\/p>\n<p>Con el fin de alcanzar y mantener esta visi\u00f3n de la calidad en nuestro servicio, contemplando como principal premisa el respeto del entorno ambiental, se formulan las siguientes directrices de la Pol\u00edtica de Calidad y Gesti\u00f3n Ambiental de modo que sean apropiados al prop\u00f3sito y al contexto de nuestra organizaci\u00f3n:<\/p>\n<ul>\n<li>\nMantener una infraestructura en nuestros centros que se acerque lo m\u00e1ximo posible a un hogar adaptado a las necesidades de los residentes y usuarios.<\/li>\n<li>\nLograr una estancia familiar, tranquila y entra\u00f1able, donde el bienestar y la satisfacci\u00f3n de nuestros residentes y usuarios sean posibles, a\u00fan estando lejos de sus verdaderos hogares.<\/li>\n<li>\nFormar una gran familia constituida por trabajadores, residentes, usuarios y familiares que unifiquen criterios, buscando las mejores soluciones que garanticen la mejor atenci\u00f3n a sus mayores.<\/li>\n<li>\nLograr la confianza, implicaci\u00f3n y complicidad de nuestra plantilla de trabajadores en la atenci\u00f3n a los residentes, usuarios y familiares. Su experiencia, competencia y motivaci\u00f3n es la garant\u00eda para la consecuci\u00f3n de los principios anteriores.<\/li>\n<li>\nOrientar la formaci\u00f3n para alumnos a la de un puesto de trabajo, utilizando nuestra infraestructura para que el alumno pueda comprobar y experimentar la realidad del trabajo que podr\u00e1 desempe\u00f1ar en un futuro, siendo dicha formaci\u00f3n lo m\u00e1s pr\u00e1ctica posible.<\/li>\n<li>\nAdoptar una disposici\u00f3n y voluntad de cooperaci\u00f3n con los organismos p\u00fablicos y asociaciones que promueven los cursos de formaci\u00f3n, y con los alumnos, mediante una comunicaci\u00f3n con ellos cercana, r\u00e1pida y \u00e1gil.<\/li>\n<li>\nImplicar, motivar y comprometer al personal con objeto de buscar su participaci\u00f3n en la gesti\u00f3n, desarrollo y aplicaci\u00f3n del Sistema de Calidad y Gesti\u00f3n ambiental implantado, para lograr los niveles de calidad requeridos por el cliente.<\/li>\n<li>\nCuidar nuestro entorno ambiental, garantizando la prevenci\u00f3n, detecci\u00f3n y control de la contaminaci\u00f3n, siendo nuestra principal misi\u00f3n en materia ambiental la minimizaci\u00f3n de los impactos ambientales mediante la reducci\u00f3n de los residuos generados y la optimizaci\u00f3n de los consumos de energ\u00eda.<\/li>\n<\/ul>\n<p>Para conseguir el cumplimiento de estos principios de la Pol\u00edtica de Calidad y Gesti\u00f3n Ambiental, la Direcci\u00f3n comunica dicha pol\u00edtica entre sus empleados y proveedores y la pone a disposici\u00f3n de las partes interesadas, buscando mantener siempre elevado el grado de participaci\u00f3n del personal y de las partes interesadas en las actividades relacionadas y en la b\u00fasqueda de mejoras.<\/p>\n<p>Para desarrollar estos principios b\u00e1sicos, la Direcci\u00f3n formula cada a\u00f1o, Objetivos de Calidad y de Gesti\u00f3n Ambiental espec\u00edficos para determinadas \u00e1reas y\/o actividades, que ser\u00e1n siempre medibles y coherentes con esta Pol\u00edtica y con los principios en ella formulada, efectuando el seguimiento de los mismos para verificar su cumplimiento.<\/p>\n<p><strong>\u00a0\u00a0\u00a0\u00a0\u00a0\u00a0\u00a0\u00a0\u00a0 \u00a0\u00a0\u00a0\u00a0\u00a0\u00a0\u00a0\u00a0\u00a0\u00a0\u00a0\u00a0\u00a0\u00a0 <\/strong><strong>D\u00aa. Isabel Venegas Garc\u00eda<\/strong><\/p>\n<p>\u00a0 \u00a0 \u00a0 \u00a0 \u00a0 \u00a0 \u00a0 \u00a0 \u00a0 \u00a0 \u00a0 \u00a0 \u00a0 \u00a0 \u00a0 \u00a0 \u00a0 \u00a0 \u00a0 \u00a0 \u00a0\u00a0<strong>Directora Fundaci\u00f3n Cuidar y Curar<\/strong><\/p>\n<p><em>Fecha: 07\/ 01\/2018<\/em><\/p>\n\n","protected":false},"excerpt":{"rendered":"<p>Pol\u00edtica de Calidad y Gesti\u00f3n Ambiental En Fundaci\u00f3n Cuidar y Curar, entendemos la Calidad como el instrumento de gesti\u00f3n mediante el cual [&hellip;]<\/p>\n","protected":false},"author":1,"featured_media":0,"parent":0,"menu_order":0,"comment_status":"closed","ping_status":"closed","template":"page-templates\/page_fullwidth.php","meta":{"footnotes":""},"class_list":["post-2768","page","type-page","status-publish","hentry"],"_links":{"self":[{"href":"https:\/\/www.fundacioncuidarycurar.org\/webfcyc\/wp-json\/wp\/v2\/pages\/2768","targetHints":{"allow":["GET"]}}],"collection":[{"href":"https:\/\/www.fundacioncuidarycurar.org\/webfcyc\/wp-json\/wp\/v2\/pages"}],"about":[{"href":"https:\/\/www.fundacioncuidarycurar.org\/webfcyc\/wp-json\/wp\/v2\/types\/page"}],"author":[{"embeddable":true,"href":"https:\/\/www.fundacioncuidarycurar.org\/webfcyc\/wp-json\/wp\/v2\/users\/1"}],"replies":[{"embeddable":true,"href":"https:\/\/www.fundacioncuidarycurar.org\/webfcyc\/wp-json\/wp\/v2\/comments?post=2768"}],"version-history":[{"count":8,"href":"https:\/\/www.fundacioncuidarycurar.org\/webfcyc\/wp-json\/wp\/v2\/pages\/2768\/revisions"}],"predecessor-version":[{"id":2789,"href":"https:\/\/www.fundacioncuidarycurar.org\/webfcyc\/wp-json\/wp\/v2\/pages\/2768\/revisions\/2789"}],"wp:attachment":[{"href":"https:\/\/www.fundacioncuidarycurar.org\/webfcyc\/wp-json\/wp\/v2\/media?parent=2768"}],"curies":[{"name":"wp","href":"https:\/\/api.w.org\/{rel}","templated":true}]}}