{"id":2319,"date":"2021-10-11T09:32:57","date_gmt":"2021-10-11T09:32:57","guid":{"rendered":"http:\/\/www.fundacioncuidarycurar.org\/webfcyc\/?page_id=2319"},"modified":"2025-09-24T12:08:28","modified_gmt":"2025-09-24T12:08:28","slug":"san-jose","status":"publish","type":"page","link":"https:\/\/www.fundacioncuidarycurar.org\/webfcyc\/san-jose\/","title":{"rendered":"San Jos\u00e9"},"content":{"rendered":"\n\n\t<p>Centro Residencial Tercera Edad<\/p>\n<p><strong>San Jos\u00e9<\/strong><\/p>\n\t\t\t\t<img decoding=\"async\" src=\"https:\/\/www.fundacioncuidarycurar.org\/webfcyc\/wp-content\/uploads\/2018\/08\/lugar-01-1.png\" alt=\"lugar\" itemprop=\"image\" title=\"lugar\" onerror=\"this.style.display='none'\"  \/>\n\t<p><strong>C\/ Tom\u00e1s del Valle, 5, 11100 San Fernando, C\u00e1diz<\/strong><\/p>\n<h1>\n\t\tFACHADA\n\t<\/h1>\n\t\t\t\t<img decoding=\"async\" src=\"https:\/\/www.fundacioncuidarycurar.org\/webfcyc\/wp-content\/uploads\/2021\/10\/Imagen1-1.jpg\" alt=\"Imagen1\" itemprop=\"image\" title=\"Imagen1\" onerror=\"this.style.display='none'\"  \/>\n<h1>\n\t\tCOMEDOR\n\t<\/h1>\n\t\t\t\t<img decoding=\"async\" src=\"https:\/\/www.fundacioncuidarycurar.org\/webfcyc\/wp-content\/uploads\/2021\/10\/Imagen3.jpg\" alt=\"Imagen3\" itemprop=\"image\" title=\"Imagen3\" onerror=\"this.style.display='none'\"  \/>\n<h2>\n\t\tJARD\u00cdN\n\t<\/h2>\n\t\t\t\t<img decoding=\"async\" src=\"https:\/\/www.fundacioncuidarycurar.org\/webfcyc\/wp-content\/uploads\/2021\/10\/Imagen6.jpg\" alt=\"Imagen6\" itemprop=\"image\" title=\"Imagen6\" onerror=\"this.style.display='none'\"  \/>\n\t\t\t\t<img decoding=\"async\" src=\"https:\/\/www.fundacioncuidarycurar.org\/webfcyc\/wp-content\/plugins\/beaver-builder-lite-version\/img\/pixel.png\" alt=\"\" itemprop=\"image\" onerror=\"this.style.display='none'\"  \/>\n<h1>\n\t\tPASILLO\n\t<\/h1>\n\t\t\t\t<img decoding=\"async\" src=\"https:\/\/www.fundacioncuidarycurar.org\/webfcyc\/wp-content\/uploads\/2021\/10\/Imagen2.jpg\" alt=\"Imagen2\" itemprop=\"image\" title=\"Imagen2\" onerror=\"this.style.display='none'\"  \/>\n<h1>\n\t\tCOMEDOR\n\t<\/h1>\n\t\t\t\t<img decoding=\"async\" src=\"https:\/\/www.fundacioncuidarycurar.org\/webfcyc\/wp-content\/uploads\/2021\/10\/Imagen4.jpg\" alt=\"Imagen4\" itemprop=\"image\" title=\"Imagen4\" onerror=\"this.style.display='none'\"  \/>\n<h2>\n\t\tJARD\u00cdN\n\t<\/h2>\n\t\t\t\t<img decoding=\"async\" src=\"https:\/\/www.fundacioncuidarycurar.org\/webfcyc\/wp-content\/uploads\/2021\/10\/Imagen8.jpg\" alt=\"Imagen8\" itemprop=\"image\" title=\"Imagen8\" onerror=\"this.style.display='none'\"  \/>\n\t\t\t\t<img loading=\"lazy\" decoding=\"async\" src=\"https:\/\/www.fundacioncuidarycurar.org\/webfcyc\/wp-content\/uploads\/2023\/05\/stethoscope-icon-2316460_640.png\" alt=\"stethoscope-icon-2316460_640\" itemprop=\"image\" height=\"640\" width=\"639\" title=\"stethoscope-icon-2316460_640\" onerror=\"this.style.display='none'\"  \/>\n\t<p><strong>Especialidades<\/strong><\/p>\n\t\t\t\t<img loading=\"lazy\" decoding=\"async\" src=\"https:\/\/www.fundacioncuidarycurar.org\/webfcyc\/wp-content\/uploads\/2023\/05\/building.png\" alt=\"building\" itemprop=\"image\" height=\"500\" width=\"458\" title=\"building\" onerror=\"this.style.display='none'\"  \/>\n\t<p><strong>Instalaciones<\/strong><\/p>\n\t<ul>\n<li>Unidad de Convalecencia<\/li>\n<li>Unidad de Rehabilitaci\u00f3n<\/li>\n<li>Unidad de Estancias Temporales<\/li>\n<li>Unidad de Respiro Familiar<\/li>\n<li>Unidad de recuperaci\u00f3n post-hospitalaria<\/li>\n<li>Unidad de Ictus<\/li>\n<li>Unidad de Alzheimer<\/li>\n<li>Unidad de P\u00e1rkinson<\/li>\n<\/ul>\n\t<ul>\n<li>Habitaciones dobles<\/li>\n<li>Habitaciones individuales<\/li>\n<li>Aire acondicionado<\/li>\n<li>Tel\u00e9fono<\/li>\n<li>Televisi\u00f3n<\/li>\n<li>Ba\u00f1o privado<\/li>\n<li>Escritorio<\/li>\n<li>Gran luminosidad<\/li>\n<li>Internet<\/li>\n<li>Biblioteca<\/li>\n<li>Cafeter\u00eda<\/li>\n<li>Zonas verdes<\/li>\n<li>Zonas de ocio<\/li>\n<li>Zonas de lectura<\/li>\n<li>Sala de visitas<\/li>\n<li>Salas de estar<\/li>\n<li>Gimnasio<\/li>\n<li>Cocina propia<\/li>\n<li>Comedor<\/li>\n<\/ul>\n\t\t\t\t<img loading=\"lazy\" decoding=\"async\" src=\"https:\/\/www.fundacioncuidarycurar.org\/webfcyc\/wp-content\/uploads\/2023\/05\/services-icon.png\" alt=\"services-icon\" itemprop=\"image\" height=\"458\" width=\"516\" title=\"services-icon\" onerror=\"this.style.display='none'\"  \/>\n\t<p><strong>Servicios<\/strong><\/p>\n\t<p><strong>Servicios generales<\/strong><\/p>\n\t<p><strong>Servicios asistenciales<\/strong><\/p>\n\t<p><strong>Servicios adicionales<\/strong><\/p>\n\t<ul>\n<li>Atenci\u00f3n residente\/familia<\/li>\n<li>Recepci\u00f3n<\/li>\n<li>Limpieza diaria<\/li>\n<li>Servicio de lavander\u00eda<\/li>\n<li>Men\u00fas propios tradicionales con dietas adaptadas<\/li>\n<li>Administraci\u00f3n<\/li>\n<li>Mantenimiento<\/li>\n<li>Gobernant\u00eda<\/li>\n<\/ul>\n\t<ul>\n<li>Atenci\u00f3n m\u00e9dica<\/li>\n<li>Psiquiatr\u00eda<\/li>\n<li>Trabajo social<\/li>\n<li>Terapeuta Ocupacional<\/li>\n<li>Fisioterapia<\/li>\n<li>Equipo Geri\u00e1trico Interdisciplinar<\/li>\n<li>Atenci\u00f3n Familiar<\/li>\n<li>Visitas culturales<\/li>\n<li>Servicios Religiosos<\/li>\n<\/ul>\n\t<ul>\n<li>Peluquer\u00eda<\/li>\n<li>Podolog\u00eda<\/li>\n<li>Costura<\/li>\n<li>Marcaje de ropa<\/li>\n<li>Ortopedia<\/li>\n<li>Ayudas t\u00e9cnicas<\/li>\n<\/ul>\n\n","protected":false},"excerpt":{"rendered":"<p>Centro Residencial Tercera Edad San Jos\u00e9 C\/ Tom\u00e1s del Valle, 5, 11100 San Fernando, C\u00e1diz FACHADA COMEDOR JARD\u00cdN PASILLO COMEDOR JARD\u00cdN Especialidades [&hellip;]<\/p>\n","protected":false},"author":1,"featured_media":0,"parent":0,"menu_order":0,"comment_status":"closed","ping_status":"closed","template":"page-templates\/page_fullwidth.php","meta":{"footnotes":""},"class_list":["post-2319","page","type-page","status-publish","hentry"],"_links":{"self":[{"href":"https:\/\/www.fundacioncuidarycurar.org\/webfcyc\/wp-json\/wp\/v2\/pages\/2319","targetHints":{"allow":["GET"]}}],"collection":[{"href":"https:\/\/www.fundacioncuidarycurar.org\/webfcyc\/wp-json\/wp\/v2\/pages"}],"about":[{"href":"https:\/\/www.fundacioncuidarycurar.org\/webfcyc\/wp-json\/wp\/v2\/types\/page"}],"author":[{"embeddable":true,"href":"https:\/\/www.fundacioncuidarycurar.org\/webfcyc\/wp-json\/wp\/v2\/users\/1"}],"replies":[{"embeddable":true,"href":"https:\/\/www.fundacioncuidarycurar.org\/webfcyc\/wp-json\/wp\/v2\/comments?post=2319"}],"version-history":[{"count":19,"href":"https:\/\/www.fundacioncuidarycurar.org\/webfcyc\/wp-json\/wp\/v2\/pages\/2319\/revisions"}],"predecessor-version":[{"id":3358,"href":"https:\/\/www.fundacioncuidarycurar.org\/webfcyc\/wp-json\/wp\/v2\/pages\/2319\/revisions\/3358"}],"wp:attachment":[{"href":"https:\/\/www.fundacioncuidarycurar.org\/webfcyc\/wp-json\/wp\/v2\/media?parent=2319"}],"curies":[{"name":"wp","href":"https:\/\/api.w.org\/{rel}","templated":true}]}}