{"id":2167,"date":"2021-07-13T08:20:07","date_gmt":"2021-07-13T08:20:07","guid":{"rendered":"http:\/\/www.fundacioncuidarycurar.org\/webfcyc\/?page_id=2167"},"modified":"2025-09-24T11:46:17","modified_gmt":"2025-09-24T11:46:17","slug":"nuestros-centros","status":"publish","type":"page","link":"https:\/\/www.fundacioncuidarycurar.org\/webfcyc\/nuestros-centros\/","title":{"rendered":"Nuestros centros"},"content":{"rendered":"\n\n\t<p><strong>Nuestros centos<\/strong><\/p>\n\t<iframe loading=\"lazy\" src=\"https:\/\/www.google.com\/maps\/d\/u\/1\/embed?mid=1o1mWzebAhEp8FBCJFIcYd_X2iyrzYwA&#038;ehbc=2E312F\" width=\"640\" height=\"480\"><\/iframe>\n\t<!DOCTYPE html>\n<html>\n<head>\n<meta name=\"viewport\" content=\"width=device-width, initial-scale=1\"\/>\n<style>\n.accordion {\n  background-color: #5087C7;\n  color: white;\n  padding: 18px;\n  min-width: 100%;\n  text-align: left;\n  font-size: 13px;\n  border-radius: 10px;\n  margin-bottom: 10px;\n}\n.panel {\n  padding: 0 18px;\n  background-color: white;\n  max-height: 0;\n  overflow: hidden;\n  transition: max-height 0.2s ease-out;\n  text-align: justify;\n}\n.accordion-center {\n  text-align: center;\n}\n<\/style>\n<\/head>\n<body>\n<a href=\"san-rafael\">RESIDENCIA SAN RAFAEL (DOS HERMANAS)<\/a>\n<a href=\"los-paules\">RESIDENCIA PA\u00daLES (AND\u00daJAR)<\/a>\n<a href=\"san-jose\">RESIDENCIA SAN JOS\u00c9 (SAN FERNANDO)<\/a>\n<a href=\"los-leones\">RESIDENCIA LOS LEONES (MARMOLEJO)<\/a>\n<a href=\"parra-grossi\">RESIDENCIA PARRA GROSSI (RONDA)<\/a>\n<a href=\"santa-barbara\">RESIDENCIA SANTA B\u00c1RBARA (ALMAD\u00c9N)<\/a>\n<a href=\"virgen-de-consolacion\">CENTRO DE D\u00cdA VIRGEN DE CONSOLACI\u00d3N (CASTELLAR)<\/a>\n<\/body>\n<\/html>\n\n","protected":false},"excerpt":{"rendered":"<p>Nuestros centos RESIDENCIA SAN RAFAEL (DOS HERMANAS) RESIDENCIA PA\u00daLES (AND\u00daJAR) RESIDENCIA SAN JOS\u00c9 (SAN FERNANDO) RESIDENCIA LOS LEONES (MARMOLEJO) RESIDENCIA PARRA GROSSI [&hellip;]<\/p>\n","protected":false},"author":1,"featured_media":0,"parent":0,"menu_order":0,"comment_status":"closed","ping_status":"closed","template":"","meta":{"footnotes":""},"class_list":["post-2167","page","type-page","status-publish","hentry"],"_links":{"self":[{"href":"https:\/\/www.fundacioncuidarycurar.org\/webfcyc\/wp-json\/wp\/v2\/pages\/2167","targetHints":{"allow":["GET"]}}],"collection":[{"href":"https:\/\/www.fundacioncuidarycurar.org\/webfcyc\/wp-json\/wp\/v2\/pages"}],"about":[{"href":"https:\/\/www.fundacioncuidarycurar.org\/webfcyc\/wp-json\/wp\/v2\/types\/page"}],"author":[{"embeddable":true,"href":"https:\/\/www.fundacioncuidarycurar.org\/webfcyc\/wp-json\/wp\/v2\/users\/1"}],"replies":[{"embeddable":true,"href":"https:\/\/www.fundacioncuidarycurar.org\/webfcyc\/wp-json\/wp\/v2\/comments?post=2167"}],"version-history":[{"count":11,"href":"https:\/\/www.fundacioncuidarycurar.org\/webfcyc\/wp-json\/wp\/v2\/pages\/2167\/revisions"}],"predecessor-version":[{"id":3347,"href":"https:\/\/www.fundacioncuidarycurar.org\/webfcyc\/wp-json\/wp\/v2\/pages\/2167\/revisions\/3347"}],"wp:attachment":[{"href":"https:\/\/www.fundacioncuidarycurar.org\/webfcyc\/wp-json\/wp\/v2\/media?parent=2167"}],"curies":[{"name":"wp","href":"https:\/\/api.w.org\/{rel}","templated":true}]}}

<p><strong>Nuestros centos</strong></p>
	<iframe loading="lazy" src="https://www.google.com/maps/d/u/1/embed?mid=1o1mWzebAhEp8FBCJFIcYd_X2iyrzYwA&#038;ehbc=2E312F" width="640" height="480"></iframe>
	<!DOCTYPE html>
<html>
<head>
<meta name="viewport" content="width=device-width, initial-scale=1"/>
<style>
.accordion {
  background-color: #5087C7;
  color: white;
  padding: 18px;
  min-width: 100%;
  text-align: left;
  font-size: 13px;
  border-radius: 10px;
  margin-bottom: 10px;
}
.panel {
  padding: 0 18px;
  background-color: white;
  max-height: 0;
  overflow: hidden;
  transition: max-height 0.2s ease-out;
  text-align: justify;
}
.accordion-center {
  text-align: center;
}
</style>
</head>
<body>
<a href="san-rafael">RESIDENCIA SAN RAFAEL (DOS HERMANAS)</a>
<a href="los-paules">RESIDENCIA PAÚLES (ANDÚJAR)</a>
<a href="san-jose">RESIDENCIA SAN JOSÉ (SAN FERNANDO)</a>
<a href="los-leones">RESIDENCIA LOS LEONES (MARMOLEJO)</a>
<a href="parra-grossi">RESIDENCIA PARRA GROSSI (RONDA)</a>
<a href="santa-barbara">RESIDENCIA SANTA BÁRBARA (ALMADÉN)</a>
<a href="virgen-de-consolacion">CENTRO DE DÍA VIRGEN DE CONSOLACIÓN (CASTELLAR)</a>
</body>
</html>

<p>Nuestros centos RESIDENCIA SAN RAFAEL (DOS HERMANAS) RESIDENCIA PAÚLES (ANDÚJAR) RESIDENCIA SAN JOSÉ (SAN FERNANDO) RESIDENCIA LOS LEONES (MARMOLEJO) RESIDENCIA PARRA GROSSI [&hellip;]</p>
