{"id":1940,"date":"2021-06-22T07:26:09","date_gmt":"2021-06-22T07:26:09","guid":{"rendered":"http:\/\/www.fundacioncuidarycurar.org\/webfcyc\/?page_id=1940"},"modified":"2021-07-07T10:58:33","modified_gmt":"2021-07-07T10:58:33","slug":"programa-virgen-de-belen","status":"publish","type":"page","link":"https:\/\/www.fundacioncuidarycurar.org\/webfcyc\/programa-virgen-de-belen\/","title":{"rendered":"<Programa Virgen de Bel\u00e9n!>"},"content":{"rendered":"\n\n\t\n\t<p>En mayo de 2015, C\u00e1ritas Diocesana de Sevilla y la Fundaci\u00f3n Cuidar y Curar, suscribieron un convenio de colaboraci\u00f3n para la atenci\u00f3n integral a personas en situaci\u00f3n de discapacidad gravemente afectadas. Esta atenci\u00f3n se realiza principalmente a trav\u00e9s del Centro RGA Virgen de Bel\u00e9n, de la localidad de Osuna (Sevilla).<\/p>\n\n","protected":false},"excerpt":{"rendered":"<p>En mayo de 2015, C\u00e1ritas Diocesana de Sevilla y la Fundaci\u00f3n Cuidar y Curar, suscribieron un convenio de colaboraci\u00f3n para la atenci\u00f3n [&hellip;]<\/p>\n","protected":false},"author":1,"featured_media":0,"parent":0,"menu_order":0,"comment_status":"closed","ping_status":"closed","template":"page-templates\/page_fullwidth.php","meta":{"footnotes":""},"class_list":["post-1940","page","type-page","status-publish","hentry"],"_links":{"self":[{"href":"https:\/\/www.fundacioncuidarycurar.org\/webfcyc\/wp-json\/wp\/v2\/pages\/1940","targetHints":{"allow":["GET"]}}],"collection":[{"href":"https:\/\/www.fundacioncuidarycurar.org\/webfcyc\/wp-json\/wp\/v2\/pages"}],"about":[{"href":"https:\/\/www.fundacioncuidarycurar.org\/webfcyc\/wp-json\/wp\/v2\/types\/page"}],"author":[{"embeddable":true,"href":"https:\/\/www.fundacioncuidarycurar.org\/webfcyc\/wp-json\/wp\/v2\/users\/1"}],"replies":[{"embeddable":true,"href":"https:\/\/www.fundacioncuidarycurar.org\/webfcyc\/wp-json\/wp\/v2\/comments?post=1940"}],"version-history":[{"count":6,"href":"https:\/\/www.fundacioncuidarycurar.org\/webfcyc\/wp-json\/wp\/v2\/pages\/1940\/revisions"}],"predecessor-version":[{"id":2153,"href":"https:\/\/www.fundacioncuidarycurar.org\/webfcyc\/wp-json\/wp\/v2\/pages\/1940\/revisions\/2153"}],"wp:attachment":[{"href":"https:\/\/www.fundacioncuidarycurar.org\/webfcyc\/wp-json\/wp\/v2\/media?parent=1940"}],"curies":[{"name":"wp","href":"https:\/\/api.w.org\/{rel}","templated":true}]}}

<Programa Virgen de Belén!>

<p>En mayo de 2015, Cáritas Diocesana de Sevilla y la Fundación Cuidar y Curar, suscribieron un convenio de colaboración para la atención integral a personas en situación de discapacidad gravemente afectadas. Esta atención se realiza principalmente a través del Centro RGA Virgen de Belén, de la localidad de Osuna (Sevilla).</p>

<p>En mayo de 2015, Cáritas Diocesana de Sevilla y la Fundación Cuidar y Curar, suscribieron un convenio de colaboración para la atención [&hellip;]</p>
