{"id":1937,"date":"2021-06-22T07:26:09","date_gmt":"2021-06-22T07:26:09","guid":{"rendered":"http:\/\/www.fundacioncuidarycurar.org\/webfcyc\/?page_id=1937"},"modified":"2021-07-02T07:23:54","modified_gmt":"2021-07-02T07:23:54","slug":"atencion-a-la-diversidad-funcional","status":"publish","type":"page","link":"https:\/\/www.fundacioncuidarycurar.org\/webfcyc\/atencion-a-la-diversidad-funcional\/","title":{"rendered":"<Atenci\u00f3n a la diversidad funcional!>"},"content":{"rendered":"\n<p>Entre las acciones sociales de la Fundaci\u00f3n Cuidar y Curar se encuentra la atenci\u00f3n a la diversidad funcional. A trav\u00e9s del programa FATI y Virgen de Bel\u00e9n, apostamos tanto por la inclusi\u00f3n educativa con formaci\u00f3n en discapacidad intelectual y NEE como por la atenci\u00f3n Residencial de Gravemente Afectados.<\/p>\n","protected":false},"excerpt":{"rendered":"<p>Entre las acciones sociales de la Fundaci\u00f3n Cuidar y Curar se encuentra la atenci\u00f3n a la diversidad funcional. A trav\u00e9s del programa [&hellip;]<\/p>\n","protected":false},"author":1,"featured_media":0,"parent":0,"menu_order":0,"comment_status":"closed","ping_status":"closed","template":"page-templates\/page_fullwidth.php","meta":{"footnotes":""},"class_list":["post-1937","page","type-page","status-publish","hentry"],"_links":{"self":[{"href":"https:\/\/www.fundacioncuidarycurar.org\/webfcyc\/wp-json\/wp\/v2\/pages\/1937","targetHints":{"allow":["GET"]}}],"collection":[{"href":"https:\/\/www.fundacioncuidarycurar.org\/webfcyc\/wp-json\/wp\/v2\/pages"}],"about":[{"href":"https:\/\/www.fundacioncuidarycurar.org\/webfcyc\/wp-json\/wp\/v2\/types\/page"}],"author":[{"embeddable":true,"href":"https:\/\/www.fundacioncuidarycurar.org\/webfcyc\/wp-json\/wp\/v2\/users\/1"}],"replies":[{"embeddable":true,"href":"https:\/\/www.fundacioncuidarycurar.org\/webfcyc\/wp-json\/wp\/v2\/comments?post=1937"}],"version-history":[{"count":6,"href":"https:\/\/www.fundacioncuidarycurar.org\/webfcyc\/wp-json\/wp\/v2\/pages\/1937\/revisions"}],"predecessor-version":[{"id":2078,"href":"https:\/\/www.fundacioncuidarycurar.org\/webfcyc\/wp-json\/wp\/v2\/pages\/1937\/revisions\/2078"}],"wp:attachment":[{"href":"https:\/\/www.fundacioncuidarycurar.org\/webfcyc\/wp-json\/wp\/v2\/media?parent=1937"}],"curies":[{"name":"wp","href":"https:\/\/api.w.org\/{rel}","templated":true}]}}

<Atención a la diversidad funcional!>

<p>Entre las acciones sociales de la Fundación Cuidar y Curar se encuentra la atención a la diversidad funcional. A través del programa FATI y Virgen de Belén, apostamos tanto por la inclusión educativa con formación en discapacidad intelectual y NEE como por la atención Residencial de Gravemente Afectados.</p>

<p>Entre las acciones sociales de la Fundación Cuidar y Curar se encuentra la atención a la diversidad funcional. A través del programa [&hellip;]</p>
