{"id":1730,"date":"2018-06-27T18:50:06","date_gmt":"2018-06-27T18:50:06","guid":{"rendered":"http:\/\/www.fundacioncuidarycurar.org\/webfcyc\/?page_id=1730"},"modified":"2025-09-24T11:44:46","modified_gmt":"2025-09-24T11:44:46","slug":"parra-grossi","status":"publish","type":"page","link":"https:\/\/www.fundacioncuidarycurar.org\/webfcyc\/residencias-de-mayores\/parra-grossi\/","title":{"rendered":"Parra Grossi"},"content":{"rendered":"\n\n\t<p>Centro Residencial para Personas Mayores<\/p>\n<p><b>Parra Grossi<\/b><\/p>\n\t\t\t\t<img decoding=\"async\" src=\"https:\/\/www.fundacioncuidarycurar.org\/webfcyc\/wp-content\/uploads\/2018\/08\/lugar-01-1.png\" alt=\"lugar\" itemprop=\"image\" title=\"lugar\" onerror=\"this.style.display='none'\"  \/>\n\t<p><strong>C\/ Jerez n\u00ba 21 29400 Ronda, M\u00e1laga<\/strong><\/p>\n\t<p><strong>JARD\u00cdN<\/strong><\/p>\n\t\t\t\t<a href=\"https:\/\/www.fundacioncuidarycurar.org\/webfcyc\/wp-content\/uploads\/2021\/10\/2.jpg\" target=\"_self\" itemprop=\"url\" rel=\"noopener\">\n\t\t\t\t<img loading=\"lazy\" decoding=\"async\" src=\"https:\/\/www.fundacioncuidarycurar.org\/webfcyc\/wp-content\/uploads\/2021\/10\/2.jpg\" alt=\"2\" itemprop=\"image\" height=\"1536\" width=\"2048\" title=\"2\" onerror=\"this.style.display='none'\"  \/>\n\t\t\t\t<\/a>\n\t<p><strong>RECEPCI\u00d3N<\/strong><\/p>\n\t\t\t\t<img loading=\"lazy\" decoding=\"async\" src=\"https:\/\/www.fundacioncuidarycurar.org\/webfcyc\/wp-content\/uploads\/2021\/10\/3.jpg\" alt=\"3\" itemprop=\"image\" height=\"1536\" width=\"2048\" title=\"3\" onerror=\"this.style.display='none'\"  \/>\n\t<p><strong>CAPILLA<\/strong><\/p>\n\t\t\t\t<img decoding=\"async\" src=\"https:\/\/www.fundacioncuidarycurar.org\/webfcyc\/wp-content\/uploads\/2021\/10\/8.jpg\" alt=\"8\" itemprop=\"image\" title=\"8\" onerror=\"this.style.display='none'\"  \/>\n\t<p><strong>HABITACI\u00d3N<\/strong><\/p>\n\t\t\t\t<img decoding=\"async\" src=\"https:\/\/www.fundacioncuidarycurar.org\/webfcyc\/wp-content\/uploads\/2021\/10\/6.jpg\" alt=\"6\" itemprop=\"image\" title=\"6\" onerror=\"this.style.display='none'\"  \/>\n\t<p><strong>SAL\u00d3N<\/strong><\/p>\n\t\t\t\t<img decoding=\"async\" src=\"https:\/\/www.fundacioncuidarycurar.org\/webfcyc\/wp-content\/uploads\/2021\/10\/4.jpg\" alt=\"4\" itemprop=\"image\" title=\"4\" onerror=\"this.style.display='none'\"  \/>\n\t<p><strong>BA\u00d1O<\/strong><\/p>\n\t\t\t\t<img decoding=\"async\" src=\"https:\/\/www.fundacioncuidarycurar.org\/webfcyc\/wp-content\/uploads\/2021\/10\/7.jpg\" alt=\"7\" itemprop=\"image\" title=\"7\" onerror=\"this.style.display='none'\"  \/>\n\t\t\t\t<img loading=\"lazy\" decoding=\"async\" src=\"https:\/\/www.fundacioncuidarycurar.org\/webfcyc\/wp-content\/uploads\/2023\/05\/stethoscope-icon-2316460_640.png\" alt=\"stethoscope-icon-2316460_640\" itemprop=\"image\" height=\"640\" width=\"639\" title=\"stethoscope-icon-2316460_640\" onerror=\"this.style.display='none'\"  \/>\n\t<p><strong>Especialidades<\/strong><\/p>\n\t\t\t\t<img loading=\"lazy\" decoding=\"async\" src=\"https:\/\/www.fundacioncuidarycurar.org\/webfcyc\/wp-content\/uploads\/2023\/05\/building.png\" alt=\"building\" itemprop=\"image\" height=\"500\" width=\"458\" title=\"building\" onerror=\"this.style.display='none'\"  \/>\n\t<p><strong>Instalaciones<\/strong><\/p>\n\t<ul>\n<li>Unidad de Convalecencia<\/li>\n<li>Unidad de Rehabilitaci\u00f3n<\/li>\n<li>Unidad de Estancias Temporales<\/li>\n<li>Unidad de Respiro Familiar<\/li>\n<li>Unidad de recuperaci\u00f3n post-hospitalaria<\/li>\n<li>Unidad de Ictus<\/li>\n<li>Unidad de Alzheimer<\/li>\n<li>Unidad de P\u00e1rkinson<\/li>\n<\/ul>\n\t<ul>\n<li>Habitaciones dobles<\/li>\n<li>Habitaciones individuales<\/li>\n<li>Aire acondicionado<\/li>\n<li>Tel\u00e9fono<\/li>\n<li>Televisi\u00f3n<\/li>\n<li>Ba\u00f1o privado<\/li>\n<li>Escritorio<\/li>\n<li>Gran luminosidad<\/li>\n<li>Internet<\/li>\n<li>Capilla<\/li>\n<li>Cafeter\u00eda<\/li>\n<li>Zonas verdes<\/li>\n<li>Zonas de ocio<\/li>\n<li>Zonas de lectura<\/li>\n<li>Sala de visitas<\/li>\n<li>Salas de estar<\/li>\n<li>Gimnasio<\/li>\n<li>Cocina propia<\/li>\n<li>Comedor<\/li>\n<\/ul>\n\t\t\t\t<img loading=\"lazy\" decoding=\"async\" src=\"https:\/\/www.fundacioncuidarycurar.org\/webfcyc\/wp-content\/uploads\/2023\/05\/services-icon.png\" alt=\"services-icon\" itemprop=\"image\" height=\"458\" width=\"516\" title=\"services-icon\" onerror=\"this.style.display='none'\"  \/>\n\t<p><strong>Servicios<\/strong><\/p>\n\t<p><strong>Servicios generales<\/strong><\/p>\n\t<p><strong>Servicios asistenciales<\/strong><\/p>\n\t<p><strong>Servicios adicionales<\/strong><\/p>\n\t<ul>\n<li>Atenci\u00f3n residente\/familia<\/li>\n<li>Recepci\u00f3n<\/li>\n<li>Limpieza diaria<\/li>\n<li>Servicio de lavander\u00eda<\/li>\n<li>Men\u00fas propios tradicionales con dietas adaptadas<\/li>\n<li>Administraci\u00f3n<\/li>\n<li>Mantenimiento<\/li>\n<li>Gobernant\u00eda<\/li>\n<li>Capellan\u00eda<\/li>\n<\/ul>\n\t<ul>\n<li>Atenci\u00f3n m\u00e9dica<\/li>\n<li>Psicolog\u00eda<\/li>\n<li>Psiquiatr\u00eda<\/li>\n<li>Trabajo social<\/li>\n<li>Fisioterapia<\/li>\n<li>Equipo Geri\u00e1trico Interdisciplinar<\/li>\n<li>Atenci\u00f3n Familiar<\/li>\n<li>Visitas culturales<\/li>\n<li>Servicios Religiosos<\/li>\n<li>Terapeuta Ocupacional<\/li>\n<\/ul>\n\t<ul>\n<li>Peluquer\u00eda<\/li>\n<li>Podolog\u00eda<\/li>\n<li>Costura<\/li>\n<li>Marcaje de ropa<\/li>\n<li>Ortopedia<\/li>\n<li>Ayudas t\u00e9cnicas<\/li>\n<\/ul>\n\t<h6><a href=\"https:\/\/www.fundacioncuidarycurar.org\/webfcyc\/contacto\/\">\u00a1PARA M\u00c1S INFORMACI\u00d3N NO DUDES EN CONTACTARNOS!<\/a><\/h6>\n\n","protected":false},"excerpt":{"rendered":"<p>Centro Residencial para Personas Mayores Parra Grossi C\/ Jerez n\u00ba 21 29400 Ronda, M\u00e1laga JARD\u00cdN RECEPCI\u00d3N CAPILLA HABITACI\u00d3N SAL\u00d3N BA\u00d1O Especialidades Instalaciones [&hellip;]<\/p>\n","protected":false},"author":1,"featured_media":0,"parent":1515,"menu_order":0,"comment_status":"closed","ping_status":"closed","template":"page-templates\/page_fullwidth.php","meta":{"footnotes":""},"class_list":["post-1730","page","type-page","status-publish","hentry"],"_links":{"self":[{"href":"https:\/\/www.fundacioncuidarycurar.org\/webfcyc\/wp-json\/wp\/v2\/pages\/1730","targetHints":{"allow":["GET"]}}],"collection":[{"href":"https:\/\/www.fundacioncuidarycurar.org\/webfcyc\/wp-json\/wp\/v2\/pages"}],"about":[{"href":"https:\/\/www.fundacioncuidarycurar.org\/webfcyc\/wp-json\/wp\/v2\/types\/page"}],"author":[{"embeddable":true,"href":"https:\/\/www.fundacioncuidarycurar.org\/webfcyc\/wp-json\/wp\/v2\/users\/1"}],"replies":[{"embeddable":true,"href":"https:\/\/www.fundacioncuidarycurar.org\/webfcyc\/wp-json\/wp\/v2\/comments?post=1730"}],"version-history":[{"count":20,"href":"https:\/\/www.fundacioncuidarycurar.org\/webfcyc\/wp-json\/wp\/v2\/pages\/1730\/revisions"}],"predecessor-version":[{"id":3344,"href":"https:\/\/www.fundacioncuidarycurar.org\/webfcyc\/wp-json\/wp\/v2\/pages\/1730\/revisions\/3344"}],"up":[{"embeddable":true,"href":"https:\/\/www.fundacioncuidarycurar.org\/webfcyc\/wp-json\/wp\/v2\/pages\/1515"}],"wp:attachment":[{"href":"https:\/\/www.fundacioncuidarycurar.org\/webfcyc\/wp-json\/wp\/v2\/media?parent=1730"}],"curies":[{"name":"wp","href":"https:\/\/api.w.org\/{rel}","templated":true}]}}

<p>Centro Residencial para Personas Mayores</p>
<p><b>Parra Grossi</b></p>
				<img decoding="async" src="https://www.fundacioncuidarycurar.org/webfcyc/wp-content/uploads/2018/08/lugar-01-1.png" alt="lugar" itemprop="image" title="lugar" onerror="this.style.display='none'"  />
	<p><strong>C/ Jerez nº 21 29400 Ronda, Málaga</strong></p>
	<p><strong>JARDÍN</strong></p>
				<a href="https://www.fundacioncuidarycurar.org/webfcyc/wp-content/uploads/2021/10/2.jpg" target="_self" itemprop="url" rel="noopener">
				<img loading="lazy" decoding="async" src="https://www.fundacioncuidarycurar.org/webfcyc/wp-content/uploads/2021/10/2.jpg" alt="2" itemprop="image" height="1536" width="2048" title="2" onerror="this.style.display='none'"  />
				</a>
	<p><strong>RECEPCIÓN</strong></p>
				<img loading="lazy" decoding="async" src="https://www.fundacioncuidarycurar.org/webfcyc/wp-content/uploads/2021/10/3.jpg" alt="3" itemprop="image" height="1536" width="2048" title="3" onerror="this.style.display='none'"  />
	<p><strong>CAPILLA</strong></p>
				<img decoding="async" src="https://www.fundacioncuidarycurar.org/webfcyc/wp-content/uploads/2021/10/8.jpg" alt="8" itemprop="image" title="8" onerror="this.style.display='none'"  />
	<p><strong>HABITACIÓN</strong></p>
				<img decoding="async" src="https://www.fundacioncuidarycurar.org/webfcyc/wp-content/uploads/2021/10/6.jpg" alt="6" itemprop="image" title="6" onerror="this.style.display='none'"  />
	<p><strong>SALÓN</strong></p>
				<img decoding="async" src="https://www.fundacioncuidarycurar.org/webfcyc/wp-content/uploads/2021/10/4.jpg" alt="4" itemprop="image" title="4" onerror="this.style.display='none'"  />
	<p><strong>BAÑO</strong></p>
				<img decoding="async" src="https://www.fundacioncuidarycurar.org/webfcyc/wp-content/uploads/2021/10/7.jpg" alt="7" itemprop="image" title="7" onerror="this.style.display='none'"  />
				<img loading="lazy" decoding="async" src="https://www.fundacioncuidarycurar.org/webfcyc/wp-content/uploads/2023/05/stethoscope-icon-2316460_640.png" alt="stethoscope-icon-2316460_640" itemprop="image" height="640" width="639" title="stethoscope-icon-2316460_640" onerror="this.style.display='none'"  />
	<p><strong>Especialidades</strong></p>
				<img loading="lazy" decoding="async" src="https://www.fundacioncuidarycurar.org/webfcyc/wp-content/uploads/2023/05/building.png" alt="building" itemprop="image" height="500" width="458" title="building" onerror="this.style.display='none'"  />
	<p><strong>Instalaciones</strong></p>
	<ul>
<li>Unidad de Convalecencia</li>
<li>Unidad de Rehabilitación</li>
<li>Unidad de Estancias Temporales</li>
<li>Unidad de Respiro Familiar</li>
<li>Unidad de recuperación post-hospitalaria</li>
<li>Unidad de Ictus</li>
<li>Unidad de Alzheimer</li>
<li>Unidad de Párkinson</li>
</ul>
	<ul>
<li>Habitaciones dobles</li>
<li>Habitaciones individuales</li>
<li>Aire acondicionado</li>
<li>Teléfono</li>
<li>Televisión</li>
<li>Baño privado</li>
<li>Escritorio</li>
<li>Gran luminosidad</li>
<li>Internet</li>
<li>Capilla</li>
<li>Cafetería</li>
<li>Zonas verdes</li>
<li>Zonas de ocio</li>
<li>Zonas de lectura</li>
<li>Sala de visitas</li>
<li>Salas de estar</li>
<li>Gimnasio</li>
<li>Cocina propia</li>
<li>Comedor</li>
</ul>
				<img loading="lazy" decoding="async" src="https://www.fundacioncuidarycurar.org/webfcyc/wp-content/uploads/2023/05/services-icon.png" alt="services-icon" itemprop="image" height="458" width="516" title="services-icon" onerror="this.style.display='none'"  />
	<p><strong>Servicios</strong></p>
	<p><strong>Servicios generales</strong></p>
	<p><strong>Servicios asistenciales</strong></p>
	<p><strong>Servicios adicionales</strong></p>
	<ul>
<li>Atención residente/familia</li>
<li>Recepción</li>
<li>Limpieza diaria</li>
<li>Servicio de lavandería</li>
<li>Menús propios tradicionales con dietas adaptadas</li>
<li>Administración</li>
<li>Mantenimiento</li>
<li>Gobernantía</li>
<li>Capellanía</li>
</ul>
	<ul>
<li>Atención médica</li>
<li>Psicología</li>
<li>Psiquiatría</li>
<li>Trabajo social</li>
<li>Fisioterapia</li>
<li>Equipo Geriátrico Interdisciplinar</li>
<li>Atención Familiar</li>
<li>Visitas culturales</li>
<li>Servicios Religiosos</li>
<li>Terapeuta Ocupacional</li>
</ul>
	<ul>
<li>Peluquería</li>
<li>Podología</li>
<li>Costura</li>
<li>Marcaje de ropa</li>
<li>Ortopedia</li>
<li>Ayudas técnicas</li>
</ul>
	<h6><a href="https://www.fundacioncuidarycurar.org/webfcyc/contacto/">¡PARA MÁS INFORMACIÓN NO DUDES EN CONTACTARNOS!</a></h6>

<p>Centro Residencial para Personas Mayores Parra Grossi C/ Jerez nº 21 29400 Ronda, Málaga JARDÍN RECEPCIÓN CAPILLA HABITACIÓN SALÓN BAÑO Especialidades Instalaciones [&hellip;]</p>
