{"id":1521,"date":"2018-06-10T21:49:35","date_gmt":"2018-06-10T21:49:35","guid":{"rendered":"http:\/\/www.fundacioncuidarycurar.org\/webfcyc\/?page_id=1521"},"modified":"2021-07-02T08:27:15","modified_gmt":"2021-07-02T08:27:15","slug":"lineas-de-trabajo","status":"publish","type":"page","link":"https:\/\/www.fundacioncuidarycurar.org\/webfcyc\/lineas-de-trabajo\/","title":{"rendered":"<Nuestra acci\u00f3n!>"},"content":{"rendered":"\n\n\t\n\t<p>La Fundaci\u00f3n Cuidar y Curar desarrolla un modelo de gesti\u00f3n propio que trata de aunar los valores c\u00edvicos y religiosos con la profesionalidad, mientras responde a los requerimientos legales, sociales, administrativos,&#8230; sin perder la idiosincrasia o carisma de cada entidad y con una capacitaci\u00f3n que nos hace diferentes. En definitiva, un modelo de gobernanza \u00ab<strong><em>compliance<\/em><\/strong>\u00bb que ofrece una respuesta eficaz a las vicisitudes que\u00a0\u00a0 el d\u00eda a d\u00eda va planteando a las diferentes entidades, al tiempo aporta seguridad y tranquilidad para todos.<\/p>\n\n<p>Una filosof\u00eda que se basa en el cumplimiento de la normativa vigente, la mayor eficiencia posible en la gesti\u00f3n y la m\u00e1s alta satisfacci\u00f3n de nuestros usuarios, sin renunciar un \u00e1pice a los valores intr\u00ednsecos fundacionales o los carismas propios de aquellas entidades a las que acompa\u00f1amos.<\/p>\n<p>En definitiva que buscamos ofrecer una atenci\u00f3n socio-sanitaria integral que sit\u00faa a la persona en el centro de todos los procesos, ayudando a \u00e9sta a desarrollar su \u00abproyecto vital\u00bb en el sentido m\u00e1s amplio.<\/p>\n<p>Junto a ello no podemos dejar de rese\u00f1ar el compromiso que hemos asumido para ayudar a otras entidades tanto en la obtenci\u00f3n de autorizaciones, acreditaciones y certificaciones, como para evaluar su funcionamiento y colaborar en la puesta en marcha e implementaci\u00f3n de las modificaciones que sean necesarias para mejorar la calidad en los Centros.<\/p>\n\n","protected":false},"excerpt":{"rendered":"<p>La Fundaci\u00f3n Cuidar y Curar desarrolla un modelo de gesti\u00f3n propio que trata de aunar los valores c\u00edvicos y religiosos con la [&hellip;]<\/p>\n","protected":false},"author":1,"featured_media":0,"parent":0,"menu_order":0,"comment_status":"closed","ping_status":"closed","template":"page-templates\/page_fullwidth.php","meta":{"footnotes":""},"class_list":["post-1521","page","type-page","status-publish","hentry"],"_links":{"self":[{"href":"https:\/\/www.fundacioncuidarycurar.org\/webfcyc\/wp-json\/wp\/v2\/pages\/1521","targetHints":{"allow":["GET"]}}],"collection":[{"href":"https:\/\/www.fundacioncuidarycurar.org\/webfcyc\/wp-json\/wp\/v2\/pages"}],"about":[{"href":"https:\/\/www.fundacioncuidarycurar.org\/webfcyc\/wp-json\/wp\/v2\/types\/page"}],"author":[{"embeddable":true,"href":"https:\/\/www.fundacioncuidarycurar.org\/webfcyc\/wp-json\/wp\/v2\/users\/1"}],"replies":[{"embeddable":true,"href":"https:\/\/www.fundacioncuidarycurar.org\/webfcyc\/wp-json\/wp\/v2\/comments?post=1521"}],"version-history":[{"count":7,"href":"https:\/\/www.fundacioncuidarycurar.org\/webfcyc\/wp-json\/wp\/v2\/pages\/1521\/revisions"}],"predecessor-version":[{"id":2108,"href":"https:\/\/www.fundacioncuidarycurar.org\/webfcyc\/wp-json\/wp\/v2\/pages\/1521\/revisions\/2108"}],"wp:attachment":[{"href":"https:\/\/www.fundacioncuidarycurar.org\/webfcyc\/wp-json\/wp\/v2\/media?parent=1521"}],"curies":[{"name":"wp","href":"https:\/\/api.w.org\/{rel}","templated":true}]}}

<Nuestra acción!>

<p>La Fundación Cuidar y Curar desarrolla un modelo de gestión propio que trata de aunar los valores cívicos y religiosos con la profesionalidad, mientras responde a los requerimientos legales, sociales, administrativos,&#8230; sin perder la idiosincrasia o carisma de cada entidad y con una capacitación que nos hace diferentes. En definitiva, un modelo de gobernanza «<strong><em>compliance</em></strong>» que ofrece una respuesta eficaz a las vicisitudes que   el día a día va planteando a las diferentes entidades, al tiempo aporta seguridad y tranquilidad para todos.</p>

<p>Una filosofía que se basa en el cumplimiento de la normativa vigente, la mayor eficiencia posible en la gestión y la más alta satisfacción de nuestros usuarios, sin renunciar un ápice a los valores intrínsecos fundacionales o los carismas propios de aquellas entidades a las que acompañamos.</p>
<p>En definitiva que buscamos ofrecer una atención socio-sanitaria integral que sitúa a la persona en el centro de todos los procesos, ayudando a ésta a desarrollar su «proyecto vital» en el sentido más amplio.</p>
<p>Junto a ello no podemos dejar de reseñar el compromiso que hemos asumido para ayudar a otras entidades tanto en la obtención de autorizaciones, acreditaciones y certificaciones, como para evaluar su funcionamiento y colaborar en la puesta en marcha e implementación de las modificaciones que sean necesarias para mejorar la calidad en los Centros.</p>

<p>La Fundación Cuidar y Curar desarrolla un modelo de gestión propio que trata de aunar los valores cívicos y religiosos con la [&hellip;]</p>
