{"id":1519,"date":"2018-06-10T21:49:01","date_gmt":"2018-06-10T21:49:01","guid":{"rendered":"http:\/\/www.fundacioncuidarycurar.org\/webfcyc\/?page_id=1519"},"modified":"2021-07-02T07:15:26","modified_gmt":"2021-07-02T07:15:26","slug":"la-fundacion","status":"publish","type":"page","link":"https:\/\/www.fundacioncuidarycurar.org\/webfcyc\/la-fundacion\/","title":{"rendered":"<La Fundaci\u00f3n!>"},"content":{"rendered":"\n\n\t\n\t<p>Queridos amigos y amigas:<\/p>\n\n<p>Hace unos a\u00f1os que venimos caminando prestando nuestros servicios tanto a entidades religiosas y otras entidades sociales como colaborando con la Administraci\u00f3n.<\/p>\n\n<p>Los esfuerzos que realizamos en el campo de la investigaci\u00f3n van dando sus frutos y as\u00ed tanto el proyecto FATI de inclusi\u00f3n educativa para ni\u00f1os con necesidades educativas especiales como el de \u00abTelemonitorizaci\u00f3n\u00bb de personas dependientes, enfermos cr\u00f3nicos y pluripatol\u00f3gicos, entre otros, ser\u00e1n pronto una realidad.<\/p>\n<p>Convencidos que la discreci\u00f3n es un valor importante para nuestra Fundaci\u00f3n. <strong>Estas p\u00e1ginas reflejan una peque\u00f1a parte de los que hacemos y de las entidades e instituciones a las que acompa\u00f1amos<\/strong>. Salvaguardar la intimidad de las entidades con las que colaboramos tambi\u00e9n nos hace diferentes.<\/p>\n<p>A vuestro servicio, a tu servicio.<\/p>\n\n\n\n","protected":false},"excerpt":{"rendered":"<p>Queridos amigos y amigas: Hace unos a\u00f1os que venimos caminando prestando nuestros servicios tanto a entidades religiosas y otras entidades sociales como [&hellip;]<\/p>\n","protected":false},"author":1,"featured_media":0,"parent":0,"menu_order":0,"comment_status":"closed","ping_status":"closed","template":"page-templates\/page_fullwidth.php","meta":{"footnotes":""},"class_list":["post-1519","page","type-page","status-publish","hentry"],"_links":{"self":[{"href":"https:\/\/www.fundacioncuidarycurar.org\/webfcyc\/wp-json\/wp\/v2\/pages\/1519","targetHints":{"allow":["GET"]}}],"collection":[{"href":"https:\/\/www.fundacioncuidarycurar.org\/webfcyc\/wp-json\/wp\/v2\/pages"}],"about":[{"href":"https:\/\/www.fundacioncuidarycurar.org\/webfcyc\/wp-json\/wp\/v2\/types\/page"}],"author":[{"embeddable":true,"href":"https:\/\/www.fundacioncuidarycurar.org\/webfcyc\/wp-json\/wp\/v2\/users\/1"}],"replies":[{"embeddable":true,"href":"https:\/\/www.fundacioncuidarycurar.org\/webfcyc\/wp-json\/wp\/v2\/comments?post=1519"}],"version-history":[{"count":11,"href":"https:\/\/www.fundacioncuidarycurar.org\/webfcyc\/wp-json\/wp\/v2\/pages\/1519\/revisions"}],"predecessor-version":[{"id":2051,"href":"https:\/\/www.fundacioncuidarycurar.org\/webfcyc\/wp-json\/wp\/v2\/pages\/1519\/revisions\/2051"}],"wp:attachment":[{"href":"https:\/\/www.fundacioncuidarycurar.org\/webfcyc\/wp-json\/wp\/v2\/media?parent=1519"}],"curies":[{"name":"wp","href":"https:\/\/api.w.org\/{rel}","templated":true}]}}

<La Fundación!>

<p>Queridos amigos y amigas:</p>

<p>Hace unos años que venimos caminando prestando nuestros servicios tanto a entidades religiosas y otras entidades sociales como colaborando con la Administración.</p>

<p>Los esfuerzos que realizamos en el campo de la investigación van dando sus frutos y así tanto el proyecto FATI de inclusión educativa para niños con necesidades educativas especiales como el de «Telemonitorización» de personas dependientes, enfermos crónicos y pluripatológicos, entre otros, serán pronto una realidad.</p>
<p>Convencidos que la discreción es un valor importante para nuestra Fundación. <strong>Estas páginas reflejan una pequeña parte de los que hacemos y de las entidades e instituciones a las que acompañamos</strong>. Salvaguardar la intimidad de las entidades con las que colaboramos también nos hace diferentes.</p>
<p>A vuestro servicio, a tu servicio.</p>

<p>Queridos amigos y amigas: Hace unos años que venimos caminando prestando nuestros servicios tanto a entidades religiosas y otras entidades sociales como [&hellip;]</p>
