{"id":1481,"date":"2018-05-15T18:15:55","date_gmt":"2018-05-15T18:15:55","guid":{"rendered":"http:\/\/www.fundacioncuidarycurar.org\/webfcyc\/?page_id=1481"},"modified":"2022-06-23T08:25:12","modified_gmt":"2022-06-23T08:25:12","slug":"historia","status":"publish","type":"page","link":"https:\/\/www.fundacioncuidarycurar.org\/webfcyc\/historia\/","title":{"rendered":"<Historia!>"},"content":{"rendered":"\n\n\t<p><strong>NUESTRA HISTORIA<\/strong><\/p>\n\t\t\t\t<img loading=\"lazy\" decoding=\"async\" src=\"https:\/\/www.fundacioncuidarycurar.org\/webfcyc\/wp-content\/uploads\/2018\/06\/HISTORIA-1024x683.png\" alt=\"fundacion cuidar y curar\" itemprop=\"image\" height=\"683\" width=\"1024\" title=\"fundacion cuidar y curar\" onerror=\"this.style.display='none'\"  \/>\n\t<p>Inspirada en los <strong>principios del humanismo cristiano<\/strong>, se integra en LARES Andaluc&iacute;a, asociaci&oacute;n que agrupa a cuantos, desde el sector solidario, prestamos servicios de atenci&oacute;n a mayores y personas desfavorecidas de Andaluc&iacute;a.<\/p>\n<p>Aunque andaluza de nacimiento, se encuentra inscrita tanto en el Registro Nacional de Fundaciones, bajo el n&uacute;mero <strong>1239 SND <\/strong>y clasificada como de inter&eacute;s general como Fundaci&oacute;n sanitaria, de asistencia e inclusi&oacute;n social por Orden Ministerial de fecha 4 de Marzo de 2.015, como en los Registros de Entidades, Servicios y Centros de Servicios Sociales de Andaluc&iacute;a, bajo la signatura <strong>AS\/E\/7858<\/strong> y en el de Entidades y Centros de Servicios Sociales de Castilla La Mancha bajo el n&uacute;mero <strong>6.016<\/strong>.<\/p>\n<p>Con CIF <strong>G 90079666<\/strong>, tiene un amplio <strong>objeto social<\/strong>, seg&uacute;n se rese&ntilde;a en el capitulo segundo de sus Estatutos Sociales, si bien sus fines prioritarios son:<\/p>\n<p><strong>Colaborar en la prevenci&oacute;n de situaciones de discriminaci&oacute;n, dependencia, discapacidad, cronicidad o cualquier otra fragilidad. <\/strong><\/p>\n<p><strong>Promover por si o en colaboraci&oacute;n con las administraciones p&uacute;blicas y\/o cualesquier otras entidades p&uacute;blicas o privadas,&nbsp;&nbsp; acciones de asistencia e inclusi&oacute;n social de las personas mayores, brindando especial atenci&oacute;n a aquellas que se encuentren en riesgo de exclusi&oacute;n por razones f&iacute;sicas, sociales o culturales.<\/strong><\/p>\n<p><strong>Dise&ntilde;ar, promover, desarrollar, incentivar y\/o colaborar en proyectos de investigaci&oacute;n, estudios, acciones asistenciales y de formaci&oacute;n que redunden en la mejora de la calidad de vida de las personas que se encuentren en situaci&oacute;n de dependencia, discapacidad, cronicidad u otras circunstancias sociales de fragilidad. <\/strong><\/p>\n<p><strong>Dise&ntilde;ar, gestionar y evaluar programas y servicios de intervenci&oacute;n social de car&aacute;cter innovador.<\/strong><\/p>\n<p><strong>Llevar a cabo proyectos de investigaci&oacute;n, estudios e informes t&eacute;cnicos para orientar contenidos de intervenci&oacute;n social en proyectos concretos.<\/strong><\/p>\n<p><strong>Dise&ntilde;ar y ejecutar planes y programas as&iacute; como gestionar servicios para las Administraciones P&uacute;blicas, organizaciones de la iniciativa social o entidades proveedoras de servicios.<\/strong><\/p>\n<p><strong>Fines<\/strong> que podr&aacute; desarrollar mediante diferentes actividades, recogidas igualmente en el cap&iacute;tulo segundo de sus Estatutos, entre las que se incluyen<\/p>\n<p>A&uacute;n m&aacute;s, como no solo nos gu&iacute;a el deseo de brindar respuesta a las necesidades f&iacute;sicas, emocionales, sociales y espirituales que pudieran precisar los usuarios de los Centros Socio asistenciales y socio sanitarios, en cumplimiento de lo dispuesto en el art&iacute;culo 7 de nuestros estatutos, la Fundaci&oacute;n tambi&eacute;n participa en la gesti&oacute;n de centros socioasistenciales y sociosanitarios:<\/p>\n\t<ul>\n<li>\nDirectamente, en instalaciones propias o ajenas.<\/li>\n<li>\nCreando o cooperando a la creaci\u00f3n de otras entidades de naturaleza asociativa, fundacional o societaria, de acuerdo con lo previsto en la legislaci\u00f3n vigente.<\/li>\n<\/ul>\n\t<ul>\n<li>\nColaborando en el desarrollo de las actividades de otras entidades, organismos, instituciones o personas de cualquier clase, f\u00edsicas y jur\u00eddicas, se adec\u00faen a los fines perseguidos por la Fundaci\u00f3n.<\/li>\n<li>\nContratando los servicios de una empresa especializada.<\/li>\n<\/ul>\n\n","protected":false},"excerpt":{"rendered":"<p>NUESTRA HISTORIA Inspirada en los principios del humanismo cristiano, se integra en LARES Andaluc&iacute;a, asociaci&oacute;n que agrupa a cuantos, desde el sector [&hellip;]<\/p>\n","protected":false},"author":1,"featured_media":0,"parent":0,"menu_order":0,"comment_status":"closed","ping_status":"closed","template":"page-templates\/page_fullwidth.php","meta":{"footnotes":""},"class_list":["post-1481","page","type-page","status-publish","hentry"],"_links":{"self":[{"href":"https:\/\/www.fundacioncuidarycurar.org\/webfcyc\/wp-json\/wp\/v2\/pages\/1481","targetHints":{"allow":["GET"]}}],"collection":[{"href":"https:\/\/www.fundacioncuidarycurar.org\/webfcyc\/wp-json\/wp\/v2\/pages"}],"about":[{"href":"https:\/\/www.fundacioncuidarycurar.org\/webfcyc\/wp-json\/wp\/v2\/types\/page"}],"author":[{"embeddable":true,"href":"https:\/\/www.fundacioncuidarycurar.org\/webfcyc\/wp-json\/wp\/v2\/users\/1"}],"replies":[{"embeddable":true,"href":"https:\/\/www.fundacioncuidarycurar.org\/webfcyc\/wp-json\/wp\/v2\/comments?post=1481"}],"version-history":[{"count":14,"href":"https:\/\/www.fundacioncuidarycurar.org\/webfcyc\/wp-json\/wp\/v2\/pages\/1481\/revisions"}],"predecessor-version":[{"id":2791,"href":"https:\/\/www.fundacioncuidarycurar.org\/webfcyc\/wp-json\/wp\/v2\/pages\/1481\/revisions\/2791"}],"wp:attachment":[{"href":"https:\/\/www.fundacioncuidarycurar.org\/webfcyc\/wp-json\/wp\/v2\/media?parent=1481"}],"curies":[{"name":"wp","href":"https:\/\/api.w.org\/{rel}","templated":true}]}}

<p><strong>NUESTRA HISTORIA</strong></p>
				<img loading="lazy" decoding="async" src="https://www.fundacioncuidarycurar.org/webfcyc/wp-content/uploads/2018/06/HISTORIA-1024x683.png" alt="fundacion cuidar y curar" itemprop="image" height="683" width="1024" title="fundacion cuidar y curar" onerror="this.style.display='none'"  />
	<p>Inspirada en los <strong>principios del humanismo cristiano</strong>, se integra en LARES Andaluc&iacute;a, asociaci&oacute;n que agrupa a cuantos, desde el sector solidario, prestamos servicios de atenci&oacute;n a mayores y personas desfavorecidas de Andaluc&iacute;a.</p>
<p>Aunque andaluza de nacimiento, se encuentra inscrita tanto en el Registro Nacional de Fundaciones, bajo el n&uacute;mero <strong>1239 SND </strong>y clasificada como de inter&eacute;s general como Fundaci&oacute;n sanitaria, de asistencia e inclusi&oacute;n social por Orden Ministerial de fecha 4 de Marzo de 2.015, como en los Registros de Entidades, Servicios y Centros de Servicios Sociales de Andaluc&iacute;a, bajo la signatura <strong>AS/E/7858</strong> y en el de Entidades y Centros de Servicios Sociales de Castilla La Mancha bajo el n&uacute;mero <strong>6.016</strong>.</p>
<p>Con CIF <strong>G 90079666</strong>, tiene un amplio <strong>objeto social</strong>, seg&uacute;n se rese&ntilde;a en el capitulo segundo de sus Estatutos Sociales, si bien sus fines prioritarios son:</p>
<p><strong>Colaborar en la prevenci&oacute;n de situaciones de discriminaci&oacute;n, dependencia, discapacidad, cronicidad o cualquier otra fragilidad. </strong></p>
<p><strong>Promover por si o en colaboraci&oacute;n con las administraciones p&uacute;blicas y/o cualesquier otras entidades p&uacute;blicas o privadas,&nbsp;&nbsp; acciones de asistencia e inclusi&oacute;n social de las personas mayores, brindando especial atenci&oacute;n a aquellas que se encuentren en riesgo de exclusi&oacute;n por razones f&iacute;sicas, sociales o culturales.</strong></p>
<p><strong>Dise&ntilde;ar, promover, desarrollar, incentivar y/o colaborar en proyectos de investigaci&oacute;n, estudios, acciones asistenciales y de formaci&oacute;n que redunden en la mejora de la calidad de vida de las personas que se encuentren en situaci&oacute;n de dependencia, discapacidad, cronicidad u otras circunstancias sociales de fragilidad. </strong></p>
<p><strong>Dise&ntilde;ar, gestionar y evaluar programas y servicios de intervenci&oacute;n social de car&aacute;cter innovador.</strong></p>
<p><strong>Llevar a cabo proyectos de investigaci&oacute;n, estudios e informes t&eacute;cnicos para orientar contenidos de intervenci&oacute;n social en proyectos concretos.</strong></p>
<p><strong>Dise&ntilde;ar y ejecutar planes y programas as&iacute; como gestionar servicios para las Administraciones P&uacute;blicas, organizaciones de la iniciativa social o entidades proveedoras de servicios.</strong></p>
<p><strong>Fines</strong> que podr&aacute; desarrollar mediante diferentes actividades, recogidas igualmente en el cap&iacute;tulo segundo de sus Estatutos, entre las que se incluyen</p>
<p>A&uacute;n m&aacute;s, como no solo nos gu&iacute;a el deseo de brindar respuesta a las necesidades f&iacute;sicas, emocionales, sociales y espirituales que pudieran precisar los usuarios de los Centros Socio asistenciales y socio sanitarios, en cumplimiento de lo dispuesto en el art&iacute;culo 7 de nuestros estatutos, la Fundaci&oacute;n tambi&eacute;n participa en la gesti&oacute;n de centros socioasistenciales y sociosanitarios:</p>
	<ul>
<li>
Directamente, en instalaciones propias o ajenas.</li>
<li>
Creando o cooperando a la creación de otras entidades de naturaleza asociativa, fundacional o societaria, de acuerdo con lo previsto en la legislación vigente.</li>
</ul>
	<ul>
<li>
Colaborando en el desarrollo de las actividades de otras entidades, organismos, instituciones o personas de cualquier clase, físicas y jurídicas, se adecúen a los fines perseguidos por la Fundación.</li>
<li>
Contratando los servicios de una empresa especializada.</li>
</ul>
