{"id":1457,"date":"2018-05-15T17:20:57","date_gmt":"2018-05-15T17:20:57","guid":{"rendered":"http:\/\/www.fundacioncuidarycurar.org\/webfcyc\/?page_id=1457"},"modified":"2022-05-09T09:20:19","modified_gmt":"2022-05-09T09:20:19","slug":"vision-y-mision","status":"publish","type":"page","link":"https:\/\/www.fundacioncuidarycurar.org\/webfcyc\/vision-y-mision\/","title":{"rendered":"<Misi\u00f3n, Visi\u00f3n y Valores!>"},"content":{"rendered":"\n\n\t<p><strong>MISI\u00d3N, VISI\u00d3N Y VALORES<\/strong><\/p>\n\t\t\t\t<img loading=\"lazy\" decoding=\"async\" src=\"https:\/\/www.fundacioncuidarycurar.org\/webfcyc\/wp-content\/uploads\/2018\/06\/Manuel-Montes.png\" alt=\"fundacion cuidar y curar\" itemprop=\"image\" height=\"683\" width=\"1024\" title=\"fundacion cuidar y curar\" onerror=\"this.style.display='none'\"  \/>\n\t<p><strong>Misi\u00f3n.<\/strong><\/p>\n<ul>\n<li>La <strong>atenci\u00f3n integral,<\/strong> situando a la persona en el centro de todos los procesos y el <strong>acompa\u00f1amiento<\/strong> en la gesti\u00f3n de centros socio-sanitarios.<\/li>\n<\/ul>\n\t<p><strong>Visi\u00f3n. <\/strong><\/p>\n<ul>\n<li>Desarrollo integral de la persona,<\/li>\n<li>Acompa\u00f1ar y respetar a la persona en su \u00abProyecto Vital\u00bb.<\/li>\n<li>Dise\u00f1o, gesti\u00f3n, evaluaci\u00f3n, etc. de centros, programas y servicios de intervenci\u00f3n social.<\/li>\n<li>Programas de investigaci\u00f3n.<\/li>\n<li>Ayudar a mantener su Carisma a Congregaciones, Institutos Religiosos, y otras entidades dependientes de las Di\u00f3cesis,&#8230;<\/li>\n<li>Desarrollo de tecnolog\u00eda e innovaci\u00f3n.<\/li>\n<li>Promoci\u00f3n del envejecimiento activo.<\/li>\n<li>Gesti\u00f3n eficiente y con la calidad como objetivo.<\/li>\n<\/ul>\n\t<p><strong>Valores.<\/strong><\/p>\n<p>En el marco de compromiso con la sociedad, promovemos los valores de:<\/p>\n<ul>\n<li>Responsabilidad Social.<\/li>\n<li>Integraci\u00f3n, normalizaci\u00f3n y participaci\u00f3n.<\/li>\n<li>Privacidad, intimidad, dignidad y libertad de elecci\u00f3n.<\/li>\n<li>Autonom\u00eda, beneficencia, no maleficencia y justicia.<\/li>\n<li>Legalidad, integridad y transparencia.<\/li>\n<li>Fidelidad, confidencialidad y respeto a los derechos de los profesionales.<\/li>\n<li>Profesionalidad y esp\u00edritu de mejora.<\/li>\n<li>La calidad como objetivo.<\/li>\n<\/ul>\n\n","protected":false},"excerpt":{"rendered":"<p>MISI\u00d3N, VISI\u00d3N Y VALORES Misi\u00f3n. La atenci\u00f3n integral, situando a la persona en el centro de todos los procesos y el acompa\u00f1amiento [&hellip;]<\/p>\n","protected":false},"author":1,"featured_media":0,"parent":0,"menu_order":0,"comment_status":"closed","ping_status":"closed","template":"page-templates\/page_fullwidth.php","meta":{"footnotes":""},"class_list":["post-1457","page","type-page","status-publish","hentry"],"_links":{"self":[{"href":"https:\/\/www.fundacioncuidarycurar.org\/webfcyc\/wp-json\/wp\/v2\/pages\/1457","targetHints":{"allow":["GET"]}}],"collection":[{"href":"https:\/\/www.fundacioncuidarycurar.org\/webfcyc\/wp-json\/wp\/v2\/pages"}],"about":[{"href":"https:\/\/www.fundacioncuidarycurar.org\/webfcyc\/wp-json\/wp\/v2\/types\/page"}],"author":[{"embeddable":true,"href":"https:\/\/www.fundacioncuidarycurar.org\/webfcyc\/wp-json\/wp\/v2\/users\/1"}],"replies":[{"embeddable":true,"href":"https:\/\/www.fundacioncuidarycurar.org\/webfcyc\/wp-json\/wp\/v2\/comments?post=1457"}],"version-history":[{"count":17,"href":"https:\/\/www.fundacioncuidarycurar.org\/webfcyc\/wp-json\/wp\/v2\/pages\/1457\/revisions"}],"predecessor-version":[{"id":2774,"href":"https:\/\/www.fundacioncuidarycurar.org\/webfcyc\/wp-json\/wp\/v2\/pages\/1457\/revisions\/2774"}],"wp:attachment":[{"href":"https:\/\/www.fundacioncuidarycurar.org\/webfcyc\/wp-json\/wp\/v2\/media?parent=1457"}],"curies":[{"name":"wp","href":"https:\/\/api.w.org\/{rel}","templated":true}]}}

<Misión, Visión y Valores!>

<p><strong>MISIÓN, VISIÓN Y VALORES</strong></p>
				<img loading="lazy" decoding="async" src="https://www.fundacioncuidarycurar.org/webfcyc/wp-content/uploads/2018/06/Manuel-Montes.png" alt="fundacion cuidar y curar" itemprop="image" height="683" width="1024" title="fundacion cuidar y curar" onerror="this.style.display='none'"  />
	<p><strong>Misión.</strong></p>
<ul>
<li>La <strong>atención integral,</strong> situando a la persona en el centro de todos los procesos y el <strong>acompañamiento</strong> en la gestión de centros socio-sanitarios.</li>
</ul>
	<p><strong>Visión. </strong></p>
<ul>
<li>Desarrollo integral de la persona,</li>
<li>Acompañar y respetar a la persona en su «Proyecto Vital».</li>
<li>Diseño, gestión, evaluación, etc. de centros, programas y servicios de intervención social.</li>
<li>Programas de investigación.</li>
<li>Ayudar a mantener su Carisma a Congregaciones, Institutos Religiosos, y otras entidades dependientes de las Diócesis,&#8230;</li>
<li>Desarrollo de tecnología e innovación.</li>
<li>Promoción del envejecimiento activo.</li>
<li>Gestión eficiente y con la calidad como objetivo.</li>
</ul>
	<p><strong>Valores.</strong></p>
<p>En el marco de compromiso con la sociedad, promovemos los valores de:</p>
<ul>
<li>Responsabilidad Social.</li>
<li>Integración, normalización y participación.</li>
<li>Privacidad, intimidad, dignidad y libertad de elección.</li>
<li>Autonomía, beneficencia, no maleficencia y justicia.</li>
<li>Legalidad, integridad y transparencia.</li>
<li>Fidelidad, confidencialidad y respeto a los derechos de los profesionales.</li>
<li>Profesionalidad y espíritu de mejora.</li>
<li>La calidad como objetivo.</li>
</ul>

<p>MISIÓN, VISIÓN Y VALORES Misión. La atención integral, situando a la persona en el centro de todos los procesos y el acompañamiento [&hellip;]</p>
